{"id":9231,"date":"2025-03-24T15:07:50","date_gmt":"2025-03-24T15:07:50","guid":{"rendered":"https:\/\/www.atvquadotwock.pl\/sklep\/?post_type=product&#038;p=9231"},"modified":"2025-03-24T15:07:50","modified_gmt":"2025-03-24T15:07:50","slug":"cfmoto-cforce-450-long","status":"publish","type":"product","link":"https:\/\/www.atvquadotwock.pl\/sklep\/produkt\/cfmoto-cforce-450-long\/","title":{"rendered":"CFMOTO CFORCE 450 LONG"},"content":{"rendered":"<h2 class=\"typography__Heading-sc-xchk67-0 introduction__DesktopHeading-sc-1467fnm-3 ifpisv cYrgqJ\">Mocne osi\u0105gi<br \/>\n<i>i komfort<\/i><br \/>\nprowadzenia<\/h2>\n<p class=\"typography__Text-sc-xchk67-1 ccGPUT\">CFORCE 450 L to pojazd dwuosobowy, kt\u00f3ry jest odpowiedzi\u0105 na potrzeb\u0119 klient\u00f3w, szukaj\u0105cych niedrogiej, wytrzyma\u0142ej i \u015bredniej wielko\u015bci maszyny. Stalowy szkielet, sprawdzony silnik SOHC i p\u0142ynna skrzynia bieg\u00f3w CVT to tylko pocz\u0105tek gwarantowanego komfortu jazdy! CFORCE 450 posiada najni\u017csze mo\u017cliwe wibracje w ca\u0142ym zakresie momentu obrotowego (wibracje mierzone na uchwycie kierownicy, siedzisku i podn\u00f3\u017ckach), dzi\u0119ki czemu d\u0142ugie godziny w siodle nie s\u0105 \u017cadnym problemem!<\/p>\n<p>&nbsp;<\/p>\n<div class=\"specification__TechnicalDataItem-sc-1qyw43l-6 deiaMj\">\n<p class=\"typography__Text-sc-xchk67-1 cnKysE\">Typ silnika<\/p>\n<p class=\"typography__Text-sc-xchk67-1 hfniXA\">Jednocylindrowy, ch\u0142odzony ciecz\u0105, 4-suwowy, SOHC, 4-zaworowy<\/p>\n<\/div>\n<div class=\"specification__TechnicalDataItem-sc-1qyw43l-6 deiaMj\">\n<p class=\"typography__Text-sc-xchk67-1 cnKysE\">Pojemno\u015b\u0107<\/p>\n<p class=\"typography__Text-sc-xchk67-1 hfniXA\">400 cc<\/p>\n<\/div>\n<div class=\"specification__TechnicalDataItem-sc-1qyw43l-6 deiaMj\">\n<p class=\"typography__Text-sc-xchk67-1 cnKysE\">Maksymalna moc<\/p>\n<p class=\"typography__Text-sc-xchk67-1 hfniXA\">31 KM<\/p>\n<\/div>\n<div class=\"specification__TechnicalDataItem-sc-1qyw43l-6 deiaMj\">\n<p class=\"typography__Text-sc-xchk67-1 cnKysE\">D\u0142ugo\u015b\u0107 x szeroko\u015b\u0107 x wysoko\u015b\u0107<\/p>\n<p class=\"typography__Text-sc-xchk67-1 hfniXA\">2386 x 1125 x 1205 mm<\/p>\n<\/div>\n<div class=\"specification__TechnicalDataItem-sc-1qyw43l-6 deiaMj\">\n<p class=\"typography__Text-sc-xchk67-1 cnKysE\">Masa<\/p>\n<p class=\"typography__Text-sc-xchk67-1 hfniXA\">350 kg<\/p>\n<\/div>\n","protected":false},"excerpt":{"rendered":"<p>Mocne osi\u0105gi i komfort prowadzenia CFORCE 450 L to pojazd dwuosobowy, kt\u00f3ry jest odpowiedzi\u0105 na potrzeb\u0119 klient\u00f3w, szukaj\u0105cych niedrogiej, wytrzyma\u0142ej&hellip;<\/p>\n","protected":false},"featured_media":9237,"template":"","meta":{"spay_email":""},"product_cat":[15],"product_tag":[],"woo-feed-brand":[],"acf":[],"_links":{"self":[{"href":"https:\/\/www.atvquadotwock.pl\/sklep\/wp-json\/wp\/v2\/product\/9231"}],"collection":[{"href":"https:\/\/www.atvquadotwock.pl\/sklep\/wp-json\/wp\/v2\/product"}],"about":[{"href":"https:\/\/www.atvquadotwock.pl\/sklep\/wp-json\/wp\/v2\/types\/product"}],"wp:featuredmedia":[{"embeddable":true,"href":"https:\/\/www.atvquadotwock.pl\/sklep\/wp-json\/wp\/v2\/media\/9237"}],"wp:attachment":[{"href":"https:\/\/www.atvquadotwock.pl\/sklep\/wp-json\/wp\/v2\/media?parent=9231"}],"wp:term":[{"taxonomy":"product_cat","embeddable":true,"href":"https:\/\/www.atvquadotwock.pl\/sklep\/wp-json\/wp\/v2\/product_cat?post=9231"},{"taxonomy":"product_tag","embeddable":true,"href":"https:\/\/www.atvquadotwock.pl\/sklep\/wp-json\/wp\/v2\/product_tag?post=9231"},{"taxonomy":"woo-feed-brand","embeddable":true,"href":"https:\/\/www.atvquadotwock.pl\/sklep\/wp-json\/wp\/v2\/woo-feed-brand?post=9231"}],"curies":[{"name":"wp","href":"https:\/\/api.w.org\/{rel}","templated":true}]}}