{"id":9031,"date":"2025-03-01T05:59:29","date_gmt":"2025-03-01T05:59:29","guid":{"rendered":"https:\/\/www.atvquadotwock.pl\/sklep\/?post_type=product&#038;p=9031"},"modified":"2026-03-13T08:28:18","modified_gmt":"2026-03-13T08:28:18","slug":"zestaw-zderzak-przod-tyl-bumper-segway-at6-long-i-krotki-snarler-storm","status":"publish","type":"product","link":"https:\/\/www.atvquadotwock.pl\/sklep\/produkt\/zestaw-zderzak-przod-tyl-bumper-segway-at6-long-i-krotki-snarler-storm\/","title":{"rendered":"zestaw Zderzak prz\u00f3d + ty\u0142 bumper SEGWAY AT6 long i kr\u00f3tki snarler storm"},"content":{"rendered":"<p>w zestawie \u015brubki do monta\u017cu. malowany proszkowo<\/p>\n<p>w ZESTAWIE TANIEJ!<\/p>\n","protected":false},"excerpt":{"rendered":"<p>w zestawie \u015brubki do monta\u017cu. malowany proszkowo w ZESTAWIE TANIEJ!<\/p>\n","protected":false},"featured_media":9029,"template":"","meta":{"spay_email":""},"product_cat":[41],"product_tag":[],"woo-feed-brand":[],"acf":[],"_links":{"self":[{"href":"https:\/\/www.atvquadotwock.pl\/sklep\/wp-json\/wp\/v2\/product\/9031"}],"collection":[{"href":"https:\/\/www.atvquadotwock.pl\/sklep\/wp-json\/wp\/v2\/product"}],"about":[{"href":"https:\/\/www.atvquadotwock.pl\/sklep\/wp-json\/wp\/v2\/types\/product"}],"wp:featuredmedia":[{"embeddable":true,"href":"https:\/\/www.atvquadotwock.pl\/sklep\/wp-json\/wp\/v2\/media\/9029"}],"wp:attachment":[{"href":"https:\/\/www.atvquadotwock.pl\/sklep\/wp-json\/wp\/v2\/media?parent=9031"}],"wp:term":[{"taxonomy":"product_cat","embeddable":true,"href":"https:\/\/www.atvquadotwock.pl\/sklep\/wp-json\/wp\/v2\/product_cat?post=9031"},{"taxonomy":"product_tag","embeddable":true,"href":"https:\/\/www.atvquadotwock.pl\/sklep\/wp-json\/wp\/v2\/product_tag?post=9031"},{"taxonomy":"woo-feed-brand","embeddable":true,"href":"https:\/\/www.atvquadotwock.pl\/sklep\/wp-json\/wp\/v2\/woo-feed-brand?post=9031"}],"curies":[{"name":"wp","href":"https:\/\/api.w.org\/{rel}","templated":true}]}}