{"id":9021,"date":"2025-03-01T05:44:54","date_gmt":"2025-03-01T05:44:54","guid":{"rendered":"https:\/\/www.atvquadotwock.pl\/sklep\/?post_type=product&#038;p=9021"},"modified":"2025-03-01T05:46:15","modified_gmt":"2025-03-01T05:46:15","slug":"kufry-czarne-3szt-do-mt800-mt450-cfmoto","status":"publish","type":"product","link":"https:\/\/www.atvquadotwock.pl\/sklep\/produkt\/kufry-czarne-3szt-do-mt800-mt450-cfmoto\/","title":{"rendered":"kufry czarne 3szt do mt800 mt450 cfmoto"},"content":{"rendered":"<p>6WWV-808000-5000-10<\/p>\n<p>komplet 2 boczne + 1 centralny.<\/p>\n<p>do zamontowania w mt450 wymagane s\u0105 mocowania boczne, dost\u0119pne s\u0105 na aukcji odzielnej.<\/p>\n<p>ORYGINALNY PRODUKT CFMOTO!<\/p>\n<p>&nbsp;<\/p>\n","protected":false},"excerpt":{"rendered":"<p>6WWV-808000-5000-10 komplet 2 boczne + 1 centralny. do zamontowania w mt450 wymagane s\u0105 mocowania boczne, dost\u0119pne s\u0105 na aukcji odzielnej.&hellip;<\/p>\n","protected":false},"featured_media":9022,"template":"","meta":{"spay_email":""},"product_cat":[117],"product_tag":[],"woo-feed-brand":[],"acf":[],"_links":{"self":[{"href":"https:\/\/www.atvquadotwock.pl\/sklep\/wp-json\/wp\/v2\/product\/9021"}],"collection":[{"href":"https:\/\/www.atvquadotwock.pl\/sklep\/wp-json\/wp\/v2\/product"}],"about":[{"href":"https:\/\/www.atvquadotwock.pl\/sklep\/wp-json\/wp\/v2\/types\/product"}],"wp:featuredmedia":[{"embeddable":true,"href":"https:\/\/www.atvquadotwock.pl\/sklep\/wp-json\/wp\/v2\/media\/9022"}],"wp:attachment":[{"href":"https:\/\/www.atvquadotwock.pl\/sklep\/wp-json\/wp\/v2\/media?parent=9021"}],"wp:term":[{"taxonomy":"product_cat","embeddable":true,"href":"https:\/\/www.atvquadotwock.pl\/sklep\/wp-json\/wp\/v2\/product_cat?post=9021"},{"taxonomy":"product_tag","embeddable":true,"href":"https:\/\/www.atvquadotwock.pl\/sklep\/wp-json\/wp\/v2\/product_tag?post=9021"},{"taxonomy":"woo-feed-brand","embeddable":true,"href":"https:\/\/www.atvquadotwock.pl\/sklep\/wp-json\/wp\/v2\/woo-feed-brand?post=9021"}],"curies":[{"name":"wp","href":"https:\/\/api.w.org\/{rel}","templated":true}]}}