{"id":9006,"date":"2025-03-01T05:02:56","date_gmt":"2025-03-01T05:02:56","guid":{"rendered":"https:\/\/www.atvquadotwock.pl\/sklep\/?post_type=product&#038;p=9006"},"modified":"2025-03-01T05:05:45","modified_gmt":"2025-03-01T05:05:45","slug":"zderzaki-zestaw-przod-tylny-bumper-cfmoto-625-2019-storm-kopia","status":"publish","type":"product","link":"https:\/\/www.atvquadotwock.pl\/sklep\/produkt\/zderzaki-zestaw-przod-tylny-bumper-cfmoto-625-2019-storm-kopia\/","title":{"rendered":"Zderzaki zestaw PRZ\u00d3D + TYLNY bumper overland CFMOTO 625 (2019+)"},"content":{"rendered":"<p>PRZ\u00d3D i ty\u0142 zderzaki do najnowszego modelu CFMOTO 600 625 (2019-<\/p>\n<p>od wersji overland<\/p>\n<p>&nbsp;<\/p>\n<p>9DSV-801500-6000, 9DSV-801600-6000<\/p>\n","protected":false},"excerpt":{"rendered":"<p>PRZ\u00d3D i ty\u0142 zderzaki do najnowszego modelu CFMOTO 600 625 (2019- od wersji overland &nbsp; 9DSV-801500-6000, 9DSV-801600-6000<\/p>\n","protected":false},"featured_media":9008,"template":"","meta":{"spay_email":""},"product_cat":[106,41],"product_tag":[],"woo-feed-brand":[],"acf":[],"_links":{"self":[{"href":"https:\/\/www.atvquadotwock.pl\/sklep\/wp-json\/wp\/v2\/product\/9006"}],"collection":[{"href":"https:\/\/www.atvquadotwock.pl\/sklep\/wp-json\/wp\/v2\/product"}],"about":[{"href":"https:\/\/www.atvquadotwock.pl\/sklep\/wp-json\/wp\/v2\/types\/product"}],"wp:featuredmedia":[{"embeddable":true,"href":"https:\/\/www.atvquadotwock.pl\/sklep\/wp-json\/wp\/v2\/media\/9008"}],"wp:attachment":[{"href":"https:\/\/www.atvquadotwock.pl\/sklep\/wp-json\/wp\/v2\/media?parent=9006"}],"wp:term":[{"taxonomy":"product_cat","embeddable":true,"href":"https:\/\/www.atvquadotwock.pl\/sklep\/wp-json\/wp\/v2\/product_cat?post=9006"},{"taxonomy":"product_tag","embeddable":true,"href":"https:\/\/www.atvquadotwock.pl\/sklep\/wp-json\/wp\/v2\/product_tag?post=9006"},{"taxonomy":"woo-feed-brand","embeddable":true,"href":"https:\/\/www.atvquadotwock.pl\/sklep\/wp-json\/wp\/v2\/woo-feed-brand?post=9006"}],"curies":[{"name":"wp","href":"https:\/\/api.w.org\/{rel}","templated":true}]}}