{"id":896,"date":"2020-07-02T18:27:52","date_gmt":"2020-07-02T18:27:52","guid":{"rendered":"https:\/\/www.atvquadotwock.pl\/sklep\/?post_type=product&#038;p=896"},"modified":"2023-01-31T10:47:09","modified_gmt":"2023-01-31T10:47:09","slug":"olej-bel-ray-exs-syntetyczny-ester-4t-10w-40-4l","status":"publish","type":"product","link":"https:\/\/www.atvquadotwock.pl\/sklep\/produkt\/olej-bel-ray-exs-syntetyczny-ester-4t-10w-40-4l\/","title":{"rendered":"OLEJ BEL-RAY EXS SYNTETYCZNY ESTER 4T 10W-40 4L"},"content":{"rendered":"<p>Najwy\u017cszej jako\u015bci syntetyczny olej do wysilonych jednostek czterosuwowych. Z\u0142o\u017cony z syntetycznych baz estrowych i w\u0119glowodorowych z dodatkiem modyfikator\u00f3w lepko\u015bci oraz zwi\u0105zk\u00f3w zapobiegaj\u0105cych zrywaniu filmu olejowego. Spe\u0142nia wymagania norm API SM i JASO MA2. Dost\u0119pny w wariantach 10W-40, 5W-40 oraz 10W-50.<\/p>\n<p>Symbol: BR4184<\/p>\n","protected":false},"excerpt":{"rendered":"<p>Najwy\u017cszej jako\u015bci syntetyczny olej do wysilonych jednostek czterosuwowych. Z\u0142o\u017cony z syntetycznych baz estrowych i w\u0119glowodorowych z dodatkiem modyfikator\u00f3w lepko\u015bci oraz&hellip;<\/p>\n","protected":false},"featured_media":897,"template":"","meta":{"spay_email":""},"product_cat":[27],"product_tag":[],"woo-feed-brand":[],"acf":[],"_links":{"self":[{"href":"https:\/\/www.atvquadotwock.pl\/sklep\/wp-json\/wp\/v2\/product\/896"}],"collection":[{"href":"https:\/\/www.atvquadotwock.pl\/sklep\/wp-json\/wp\/v2\/product"}],"about":[{"href":"https:\/\/www.atvquadotwock.pl\/sklep\/wp-json\/wp\/v2\/types\/product"}],"wp:featuredmedia":[{"embeddable":true,"href":"https:\/\/www.atvquadotwock.pl\/sklep\/wp-json\/wp\/v2\/media\/897"}],"wp:attachment":[{"href":"https:\/\/www.atvquadotwock.pl\/sklep\/wp-json\/wp\/v2\/media?parent=896"}],"wp:term":[{"taxonomy":"product_cat","embeddable":true,"href":"https:\/\/www.atvquadotwock.pl\/sklep\/wp-json\/wp\/v2\/product_cat?post=896"},{"taxonomy":"product_tag","embeddable":true,"href":"https:\/\/www.atvquadotwock.pl\/sklep\/wp-json\/wp\/v2\/product_tag?post=896"},{"taxonomy":"woo-feed-brand","embeddable":true,"href":"https:\/\/www.atvquadotwock.pl\/sklep\/wp-json\/wp\/v2\/woo-feed-brand?post=896"}],"curies":[{"name":"wp","href":"https:\/\/api.w.org\/{rel}","templated":true}]}}