{"id":8195,"date":"2024-10-19T12:31:41","date_gmt":"2024-10-19T12:31:41","guid":{"rendered":"https:\/\/www.atvquadotwock.pl\/sklep\/?post_type=product&#038;p=8195"},"modified":"2024-11-04T17:20:40","modified_gmt":"2024-11-04T17:20:40","slug":"mala-zebatka-15-zebow-cfmoto-mt450-mt700-mt650-clx-700","status":"publish","type":"product","link":"https:\/\/www.atvquadotwock.pl\/sklep\/produkt\/mala-zebatka-15-zebow-cfmoto-mt450-mt700-mt650-clx-700\/","title":{"rendered":"Ma\u0142a Z\u0119batka 15 z\u0119b\u00f3w CFMOTO mt450 mt700 mt650 CLX 700"},"content":{"rendered":"<h1 id=\"sylius-product-name\" class=\"mt-4 text-lg font-semibold mb-4 xhdpi:mb-0 xhdpi:text-xl\">Numer oem: 0700-062030<\/h1>\n","protected":false},"excerpt":{"rendered":"<p>Numer oem: 0700-062030<\/p>\n","protected":false},"featured_media":8196,"template":"","meta":{"spay_email":""},"product_cat":[139],"product_tag":[],"woo-feed-brand":[],"acf":[],"_links":{"self":[{"href":"https:\/\/www.atvquadotwock.pl\/sklep\/wp-json\/wp\/v2\/product\/8195"}],"collection":[{"href":"https:\/\/www.atvquadotwock.pl\/sklep\/wp-json\/wp\/v2\/product"}],"about":[{"href":"https:\/\/www.atvquadotwock.pl\/sklep\/wp-json\/wp\/v2\/types\/product"}],"wp:featuredmedia":[{"embeddable":true,"href":"https:\/\/www.atvquadotwock.pl\/sklep\/wp-json\/wp\/v2\/media\/8196"}],"wp:attachment":[{"href":"https:\/\/www.atvquadotwock.pl\/sklep\/wp-json\/wp\/v2\/media?parent=8195"}],"wp:term":[{"taxonomy":"product_cat","embeddable":true,"href":"https:\/\/www.atvquadotwock.pl\/sklep\/wp-json\/wp\/v2\/product_cat?post=8195"},{"taxonomy":"product_tag","embeddable":true,"href":"https:\/\/www.atvquadotwock.pl\/sklep\/wp-json\/wp\/v2\/product_tag?post=8195"},{"taxonomy":"woo-feed-brand","embeddable":true,"href":"https:\/\/www.atvquadotwock.pl\/sklep\/wp-json\/wp\/v2\/woo-feed-brand?post=8195"}],"curies":[{"name":"wp","href":"https:\/\/api.w.org\/{rel}","templated":true}]}}