{"id":7371,"date":"2024-06-01T11:08:35","date_gmt":"2024-06-01T11:08:35","guid":{"rendered":"https:\/\/www.atvquadotwock.pl\/sklep\/?post_type=product&#038;p=7371"},"modified":"2024-07-10T08:17:40","modified_gmt":"2024-07-10T08:17:40","slug":"zestaw-bumper-zderzaki-przod-i-tyl-do-cfmoto-850-1000-gen3","status":"publish","type":"product","link":"https:\/\/www.atvquadotwock.pl\/sklep\/produkt\/zestaw-bumper-zderzaki-przod-i-tyl-do-cfmoto-850-1000-gen3\/","title":{"rendered":"ZESTAW BUMPER zderzaki PRZ\u00d3D i TY\u0141 DO CFMOTO 850 1000 gen3 storm"},"content":{"rendered":"<p>zestaw Sk\u0142ada si\u0119 z przedniego oraz tylnego.<br \/>\nw zestawie instrukcja monta\u017cu oraz \u015brubki.<\/p>\n<p>&nbsp;<\/p>\n<p>W ZESTAWIE TANIEJ!<\/p>\n<p>&nbsp;<\/p>\n<p><iframe loading=\"lazy\" title=\"Pierwszy tuning NOWEGO modelu CFMOTO 1000 &amp; 850 gen3 Bumpery zderzaki poszerzenia nadkoli\" width=\"1140\" height=\"641\" src=\"https:\/\/www.youtube.com\/embed\/G2dRPj0nUSQ?feature=oembed\" frameborder=\"0\" allow=\"accelerometer; autoplay; clipboard-write; encrypted-media; gyroscope; picture-in-picture; web-share\" referrerpolicy=\"strict-origin-when-cross-origin\" allowfullscreen><\/iframe><\/p>\n","protected":false},"excerpt":{"rendered":"<blockquote><p>&nbsp;<\/p><\/blockquote>\n","protected":false},"featured_media":7361,"template":"","meta":{"spay_email":""},"product_cat":[41],"product_tag":[],"woo-feed-brand":[],"acf":[],"_links":{"self":[{"href":"https:\/\/www.atvquadotwock.pl\/sklep\/wp-json\/wp\/v2\/product\/7371"}],"collection":[{"href":"https:\/\/www.atvquadotwock.pl\/sklep\/wp-json\/wp\/v2\/product"}],"about":[{"href":"https:\/\/www.atvquadotwock.pl\/sklep\/wp-json\/wp\/v2\/types\/product"}],"wp:featuredmedia":[{"embeddable":true,"href":"https:\/\/www.atvquadotwock.pl\/sklep\/wp-json\/wp\/v2\/media\/7361"}],"wp:attachment":[{"href":"https:\/\/www.atvquadotwock.pl\/sklep\/wp-json\/wp\/v2\/media?parent=7371"}],"wp:term":[{"taxonomy":"product_cat","embeddable":true,"href":"https:\/\/www.atvquadotwock.pl\/sklep\/wp-json\/wp\/v2\/product_cat?post=7371"},{"taxonomy":"product_tag","embeddable":true,"href":"https:\/\/www.atvquadotwock.pl\/sklep\/wp-json\/wp\/v2\/product_tag?post=7371"},{"taxonomy":"woo-feed-brand","embeddable":true,"href":"https:\/\/www.atvquadotwock.pl\/sklep\/wp-json\/wp\/v2\/woo-feed-brand?post=7371"}],"curies":[{"name":"wp","href":"https:\/\/api.w.org\/{rel}","templated":true}]}}