{"id":687,"date":"2020-06-19T17:15:37","date_gmt":"2020-06-19T17:15:37","guid":{"rendered":"https:\/\/www.atvquadotwock.pl\/sklep\/?post_type=product&#038;p=687"},"modified":"2023-02-14T13:24:36","modified_gmt":"2023-02-14T13:24:36","slug":"mocowanie-wyciagarki-tyl-cfmoto-850-1000","status":"publish","type":"product","link":"https:\/\/www.atvquadotwock.pl\/sklep\/produkt\/mocowanie-wyciagarki-tyl-cfmoto-850-1000\/","title":{"rendered":"Mocowanie wyci\u0105garki ty\u0142 CFMOTO 850 1000"},"content":{"rendered":"<p>Mocowanie wyci\u0105garki ty\u0142 CFMOTO 850 1000<br \/>\nDyszel haka zostaje.<\/p>\n<p>&nbsp;<\/p>\n<p>produkt na zam\u00f3wienie czas realizacji do tygodnia<\/p>\n","protected":false},"excerpt":{"rendered":"<p>Mocowanie wyci\u0105garki ty\u0142 CFMOTO 850 1000 Dyszel haka zostaje. &nbsp; produkt na zam\u00f3wienie czas realizacji do tygodnia<\/p>\n","protected":false},"featured_media":688,"template":"","meta":{"spay_email":""},"product_cat":[39],"product_tag":[],"woo-feed-brand":[],"acf":[],"_links":{"self":[{"href":"https:\/\/www.atvquadotwock.pl\/sklep\/wp-json\/wp\/v2\/product\/687"}],"collection":[{"href":"https:\/\/www.atvquadotwock.pl\/sklep\/wp-json\/wp\/v2\/product"}],"about":[{"href":"https:\/\/www.atvquadotwock.pl\/sklep\/wp-json\/wp\/v2\/types\/product"}],"wp:featuredmedia":[{"embeddable":true,"href":"https:\/\/www.atvquadotwock.pl\/sklep\/wp-json\/wp\/v2\/media\/688"}],"wp:attachment":[{"href":"https:\/\/www.atvquadotwock.pl\/sklep\/wp-json\/wp\/v2\/media?parent=687"}],"wp:term":[{"taxonomy":"product_cat","embeddable":true,"href":"https:\/\/www.atvquadotwock.pl\/sklep\/wp-json\/wp\/v2\/product_cat?post=687"},{"taxonomy":"product_tag","embeddable":true,"href":"https:\/\/www.atvquadotwock.pl\/sklep\/wp-json\/wp\/v2\/product_tag?post=687"},{"taxonomy":"woo-feed-brand","embeddable":true,"href":"https:\/\/www.atvquadotwock.pl\/sklep\/wp-json\/wp\/v2\/woo-feed-brand?post=687"}],"curies":[{"name":"wp","href":"https:\/\/api.w.org\/{rel}","templated":true}]}}