{"id":654,"date":"2020-06-17T14:58:51","date_gmt":"2020-06-17T14:58:51","guid":{"rendered":"https:\/\/www.atvquadotwock.pl\/sklep\/?post_type=product&#038;p=654"},"modified":"2025-07-21T09:14:43","modified_gmt":"2025-07-21T09:14:43","slug":"kufer-z-siedzeniem-i-oparciem-model-r75","status":"publish","type":"product","link":"https:\/\/www.atvquadotwock.pl\/sklep\/produkt\/kufer-z-siedzeniem-i-oparciem-model-r75\/","title":{"rendered":"Kufer z siedzeniem i oparciem r75 siedziskiem"},"content":{"rendered":"<p>Zalety:<br \/>\n-bardzo du\u017ca przestrze\u0144 \u0142adunkowa.<br \/>\n-\u0141atwy w u\u017cyciu system zatrzaskowy utrzymuje pokryw\u0119 zawsze zamkni\u0119t\u0105 &#8211; nawet w najtrudniejszym terenie.<br \/>\n-Dwa czerwone paski odblaskowe z ty\u0142u kufra<br \/>\n-W zestawie: kluczyki (2szt), zestaw monta\u017cowy, lampa tylna<br \/>\n-Wygodne siedzisko i oparcie<\/p>\n<p>&nbsp;<\/p>\n<p>IDEALNY PATENT DO QUADA KT\u00d3RY NIE MA OPARCIA. STOSUJEMY JE DO KR\u00d3TKICH WERSJI.<\/p>\n<p>Parametry techniczne:<br \/>\n&#8211; wymiary : 104x62x41cm<br \/>\n&#8211; materia\u0142 &#8211; polietylen o wysokiej g\u0119sto\u015bci<\/p>\n","protected":false},"excerpt":{"rendered":"<p>Zalety: -bardzo du\u017ca przestrze\u0144 \u0142adunkowa. -\u0141atwy w u\u017cyciu system zatrzaskowy utrzymuje pokryw\u0119 zawsze zamkni\u0119t\u0105 &#8211; nawet w najtrudniejszym terenie. -Dwa&hellip;<\/p>\n","protected":false},"featured_media":655,"template":"","meta":{"spay_email":""},"product_cat":[24],"product_tag":[],"woo-feed-brand":[],"acf":[],"_links":{"self":[{"href":"https:\/\/www.atvquadotwock.pl\/sklep\/wp-json\/wp\/v2\/product\/654"}],"collection":[{"href":"https:\/\/www.atvquadotwock.pl\/sklep\/wp-json\/wp\/v2\/product"}],"about":[{"href":"https:\/\/www.atvquadotwock.pl\/sklep\/wp-json\/wp\/v2\/types\/product"}],"wp:featuredmedia":[{"embeddable":true,"href":"https:\/\/www.atvquadotwock.pl\/sklep\/wp-json\/wp\/v2\/media\/655"}],"wp:attachment":[{"href":"https:\/\/www.atvquadotwock.pl\/sklep\/wp-json\/wp\/v2\/media?parent=654"}],"wp:term":[{"taxonomy":"product_cat","embeddable":true,"href":"https:\/\/www.atvquadotwock.pl\/sklep\/wp-json\/wp\/v2\/product_cat?post=654"},{"taxonomy":"product_tag","embeddable":true,"href":"https:\/\/www.atvquadotwock.pl\/sklep\/wp-json\/wp\/v2\/product_tag?post=654"},{"taxonomy":"woo-feed-brand","embeddable":true,"href":"https:\/\/www.atvquadotwock.pl\/sklep\/wp-json\/wp\/v2\/woo-feed-brand?post=654"}],"curies":[{"name":"wp","href":"https:\/\/api.w.org\/{rel}","templated":true}]}}