{"id":5317,"date":"2023-04-18T10:04:00","date_gmt":"2023-04-18T10:04:00","guid":{"rendered":"https:\/\/www.atvquadotwock.pl\/sklep\/?post_type=product&#038;p=5317"},"modified":"2023-06-12T14:23:57","modified_gmt":"2023-06-12T14:23:57","slug":"zderzaki-zestaw-przod-tyl-cfmoto-625-nowy-wzor","status":"publish","type":"product","link":"https:\/\/www.atvquadotwock.pl\/sklep\/produkt\/zderzaki-zestaw-przod-tyl-cfmoto-625-nowy-wzor\/","title":{"rendered":"Zderzaki zestaw PRZ\u00d3D + TY\u0141 CFMOTO 625 (NOWY WZ\u00d3R)"},"content":{"rendered":"<p>Zderzak PRZ\u00d3D + TY\u0141 CFMOTO 625 (NOWY WZ\u00d3R)<\/p>\n<p>PASUJE DO WSZYSTKICH CFMOTO 625 kr\u00f3tkie i d\u0142ugie.\u00a0 OD 2019roku<\/p>\n<p>w zestawie TANIEJ!<\/p>\n<p>&nbsp;<\/p>\n<p>MP0567<\/p>\n<p>MP0568<\/p>\n","protected":false},"excerpt":{"rendered":"<p>Zderzak PRZ\u00d3D + TY\u0141 CFMOTO 625 (NOWY WZ\u00d3R) PASUJE DO WSZYSTKICH CFMOTO 625 kr\u00f3tkie i d\u0142ugie.\u00a0 OD 2019roku w zestawie&hellip;<\/p>\n","protected":false},"featured_media":5205,"template":"","meta":{"spay_email":""},"product_cat":[106,41],"product_tag":[],"woo-feed-brand":[],"acf":[],"_links":{"self":[{"href":"https:\/\/www.atvquadotwock.pl\/sklep\/wp-json\/wp\/v2\/product\/5317"}],"collection":[{"href":"https:\/\/www.atvquadotwock.pl\/sklep\/wp-json\/wp\/v2\/product"}],"about":[{"href":"https:\/\/www.atvquadotwock.pl\/sklep\/wp-json\/wp\/v2\/types\/product"}],"wp:featuredmedia":[{"embeddable":true,"href":"https:\/\/www.atvquadotwock.pl\/sklep\/wp-json\/wp\/v2\/media\/5205"}],"wp:attachment":[{"href":"https:\/\/www.atvquadotwock.pl\/sklep\/wp-json\/wp\/v2\/media?parent=5317"}],"wp:term":[{"taxonomy":"product_cat","embeddable":true,"href":"https:\/\/www.atvquadotwock.pl\/sklep\/wp-json\/wp\/v2\/product_cat?post=5317"},{"taxonomy":"product_tag","embeddable":true,"href":"https:\/\/www.atvquadotwock.pl\/sklep\/wp-json\/wp\/v2\/product_tag?post=5317"},{"taxonomy":"woo-feed-brand","embeddable":true,"href":"https:\/\/www.atvquadotwock.pl\/sklep\/wp-json\/wp\/v2\/woo-feed-brand?post=5317"}],"curies":[{"name":"wp","href":"https:\/\/api.w.org\/{rel}","templated":true}]}}