{"id":5244,"date":"2023-04-06T12:30:41","date_gmt":"2023-04-06T12:30:41","guid":{"rendered":"https:\/\/www.atvquadotwock.pl\/sklep\/?post_type=product&#038;p=5244"},"modified":"2023-04-06T12:30:41","modified_gmt":"2023-04-06T12:30:41","slug":"lampa-robocza-awl21-80led-combo-9-36v-6400lm","status":"publish","type":"product","link":"https:\/\/www.atvquadotwock.pl\/sklep\/produkt\/lampa-robocza-awl21-80led-combo-9-36v-6400lm\/","title":{"rendered":"Lampa robocza AWL21 80LED COMBO 9-36V 6400LM"},"content":{"rendered":"<p>1 funkcje pod\u015bwietlenia<\/p>\n<p>2 kable, Kolor kabli: Czarny i czerwony<\/p>\n<p>Napi\u0119cie: 9-36V<\/p>\n<p>Lumeny: 6400 lm<\/p>\n<p>LED kolor: bia\u0142y<\/p>\n<p>LED ilos\u0107: 80 led 3030<\/p>\n<p>Temperatura \u015bwiatla: 6000-6500K<\/p>\n<p>Rozmiar: 300&#215;74 mm<\/p>\n","protected":false},"excerpt":{"rendered":"<p>1 funkcje pod\u015bwietlenia 2 kable, Kolor kabli: Czarny i czerwony Napi\u0119cie: 9-36V Lumeny: 6400 lm LED kolor: bia\u0142y LED ilos\u0107:&hellip;<\/p>\n","protected":false},"featured_media":5246,"template":"","meta":{"spay_email":""},"product_cat":[103],"product_tag":[],"woo-feed-brand":[],"acf":[],"_links":{"self":[{"href":"https:\/\/www.atvquadotwock.pl\/sklep\/wp-json\/wp\/v2\/product\/5244"}],"collection":[{"href":"https:\/\/www.atvquadotwock.pl\/sklep\/wp-json\/wp\/v2\/product"}],"about":[{"href":"https:\/\/www.atvquadotwock.pl\/sklep\/wp-json\/wp\/v2\/types\/product"}],"wp:featuredmedia":[{"embeddable":true,"href":"https:\/\/www.atvquadotwock.pl\/sklep\/wp-json\/wp\/v2\/media\/5246"}],"wp:attachment":[{"href":"https:\/\/www.atvquadotwock.pl\/sklep\/wp-json\/wp\/v2\/media?parent=5244"}],"wp:term":[{"taxonomy":"product_cat","embeddable":true,"href":"https:\/\/www.atvquadotwock.pl\/sklep\/wp-json\/wp\/v2\/product_cat?post=5244"},{"taxonomy":"product_tag","embeddable":true,"href":"https:\/\/www.atvquadotwock.pl\/sklep\/wp-json\/wp\/v2\/product_tag?post=5244"},{"taxonomy":"woo-feed-brand","embeddable":true,"href":"https:\/\/www.atvquadotwock.pl\/sklep\/wp-json\/wp\/v2\/woo-feed-brand?post=5244"}],"curies":[{"name":"wp","href":"https:\/\/api.w.org\/{rel}","templated":true}]}}