{"id":5100,"date":"2023-03-17T08:49:26","date_gmt":"2023-03-17T08:49:26","guid":{"rendered":"https:\/\/www.atvquadotwock.pl\/sklep\/?post_type=product&#038;p=5100"},"modified":"2026-03-11T10:01:21","modified_gmt":"2026-03-11T10:01:21","slug":"hit-bumper-zderzak-przedni-cfmoto-800-820-450-520","status":"publish","type":"product","link":"https:\/\/www.atvquadotwock.pl\/sklep\/produkt\/hit-bumper-zderzak-przedni-cfmoto-800-820-450-520\/","title":{"rendered":"HIT. Bumper ZDERZAK przedni CFMOTO 800 820 450 520 625 goes 400 500"},"content":{"rendered":"<p>Bumper (orurowanie)\u2757\ufe0fdedykowany DO do CFMOTO 800. Po lekkich modyfikacjach pasuje do 820 oraz 450 i 520 (gen1)\u00a0 oraz do cfmoto 625. po wi\u0119kszych przer\u00f3bkach pasuje do goes 400 terrox i 500.<\/p>\n<p>Malowany proszkowo. Zestawie \u015arubki monta\u017cowe.<\/p>\n<p>MO\u017bE POSIADA\u0106 OTARCIA, ryski Z RACJI D\u0141UGIEGO LE\u017bAKOWANIA W MAGAZYNIE.<\/p>\n<p>&nbsp;<\/p>\n<p>UWAGA po u\u017cyciu szlifierki, dogi\u0119cia i kreatywno\u015bci pasuje r\u00f3wnie\u017c do CFMOTO 820,\u00a0 450 520, 625 Przetestowane w naszej wypo\u017cyczalni. Zobacz zdj\u0119cie jak to zrobi\u0107. W tej kasie nie ma nic lepszego! by\u0107 mo\u017ce jeszcze pasuje do innych quad\u00f3w.<\/p>\n<p>OSTANIE SZTUKI<\/p>\n<p>&nbsp;<\/p>\n<p>&nbsp;<\/p>\n<p>\u260e\ufe0f 791 477 830<\/p>\n<p>Facebook.com\/quadyotwock<\/p>\n","protected":false},"excerpt":{"rendered":"<p>Bumper (orurowanie)\u2757\ufe0fdedykowany DO do CFMOTO 800. Po lekkich modyfikacjach pasuje do 820 oraz 450 i 520 (gen1)\u00a0 oraz do cfmoto&hellip;<\/p>\n","protected":false},"featured_media":5101,"template":"","meta":{"spay_email":""},"product_cat":[90,95,96,41],"product_tag":[],"woo-feed-brand":[],"acf":[],"_links":{"self":[{"href":"https:\/\/www.atvquadotwock.pl\/sklep\/wp-json\/wp\/v2\/product\/5100"}],"collection":[{"href":"https:\/\/www.atvquadotwock.pl\/sklep\/wp-json\/wp\/v2\/product"}],"about":[{"href":"https:\/\/www.atvquadotwock.pl\/sklep\/wp-json\/wp\/v2\/types\/product"}],"wp:featuredmedia":[{"embeddable":true,"href":"https:\/\/www.atvquadotwock.pl\/sklep\/wp-json\/wp\/v2\/media\/5101"}],"wp:attachment":[{"href":"https:\/\/www.atvquadotwock.pl\/sklep\/wp-json\/wp\/v2\/media?parent=5100"}],"wp:term":[{"taxonomy":"product_cat","embeddable":true,"href":"https:\/\/www.atvquadotwock.pl\/sklep\/wp-json\/wp\/v2\/product_cat?post=5100"},{"taxonomy":"product_tag","embeddable":true,"href":"https:\/\/www.atvquadotwock.pl\/sklep\/wp-json\/wp\/v2\/product_tag?post=5100"},{"taxonomy":"woo-feed-brand","embeddable":true,"href":"https:\/\/www.atvquadotwock.pl\/sklep\/wp-json\/wp\/v2\/woo-feed-brand?post=5100"}],"curies":[{"name":"wp","href":"https:\/\/api.w.org\/{rel}","templated":true}]}}