{"id":4699,"date":"2023-01-31T12:06:20","date_gmt":"2023-01-31T12:06:20","guid":{"rendered":"https:\/\/www.atvquadotwock.pl\/sklep\/?post_type=product&#038;p=4699"},"modified":"2023-01-31T12:08:07","modified_gmt":"2023-01-31T12:08:07","slug":"lampa-robocza-led-awl27-120led-450x74-360w-combo-9-36v","status":"publish","type":"product","link":"https:\/\/www.atvquadotwock.pl\/sklep\/produkt\/lampa-robocza-led-awl27-120led-450x74-360w-combo-9-36v\/","title":{"rendered":"Lampa robocza LED AWL27 120LED 450&#215;74 360W COMBO 9-36V"},"content":{"rendered":"<p>Wytrzyma\u0142a\u00a0lampa panelowa model AWL27\u00a0znajdzie zastosowanie m.in. w, samochodach terenowych, maszynach rolniczych i budowlanych, quadach, \u0142odziach lub jako dodatkowe o\u015bwietlenie w samochodach ci\u0119\u017carowych.<\/p>\n<p>&nbsp;<\/p>\n<p>W\u0141A\u015aCIWO\u015aCI:<\/p>\n<ul>\n<li>panel typu COMBO &#8211; \u015bwieci \u015bwiat\u0142em rozproszonym oraz skupionym<\/li>\n<li>regulowane wsporniki monta\u017cowe wykonany ze stali nierdzewnej<\/li>\n<li>szeroki zakres napi\u0119cia zasilaj\u0105cego<\/li>\n<li>wytrzyma\u0142a wodoodporna aluminiowa obudowa<\/li>\n<li>klasa wodoodporno\u015bci IP67 pozwala na u\u017cywanie lampy w trudnych warunkach atmosferycznych<\/li>\n<li>niski pob\u00f3r mocy w stosunku do ilo\u015bci \u015bwiat\u0142a<\/li>\n<li>certyfikaty CE i RoHs<\/li>\n<\/ul>\n<p>&nbsp;<\/p>\n<p>PARAMETRY TECHNICZNE:<\/p>\n<ul>\n<li>napi\u0119cie wej\u015bciowe: DC 9-36V<\/li>\n<li>ilo\u015b\u0107 diod: 120 LED Epistar<\/li>\n<li>moc max.: 360W<\/li>\n<li>max. moc \u015bwiat\u0142a: 36000lm<\/li>\n<li>barwa \u015bwiat\u0142a: 6000-6500K (bia\u0142a)<\/li>\n<li>odporno\u015b\u0107: IP67<\/li>\n<li>temperatura pracy: -40<sup>o<\/sup>C &#8211; +65<sup>o<\/sup>C<\/li>\n<li>homologacja zgodno\u015bci elektromagnetycznej: E9, ECE R10<\/li>\n<li>model : AWL27<\/li>\n<\/ul>\n<p>&nbsp;<\/p>\n<p>WYMIARY:\u00a0(d\u0142. x szer. x wys.)<\/p>\n<ul>\n<li>450 x 74 mm<\/li>\n<\/ul>\n<p>&nbsp;<\/p>\n<p>ZAWARTO\u015a\u0106 ZESTAWU:<\/p>\n<ul>\n<li>lampa<\/li>\n<li>uchwyt i \u015bruby monta\u017cowe<\/li>\n<\/ul>\n","protected":false},"excerpt":{"rendered":"<p>Wytrzyma\u0142a\u00a0lampa panelowa model AWL27\u00a0znajdzie zastosowanie m.in. w, samochodach terenowych, maszynach rolniczych i budowlanych, quadach, \u0142odziach lub jako dodatkowe o\u015bwietlenie w&hellip;<\/p>\n","protected":false},"featured_media":4700,"template":"","meta":{"spay_email":""},"product_cat":[20],"product_tag":[],"woo-feed-brand":[],"acf":[],"_links":{"self":[{"href":"https:\/\/www.atvquadotwock.pl\/sklep\/wp-json\/wp\/v2\/product\/4699"}],"collection":[{"href":"https:\/\/www.atvquadotwock.pl\/sklep\/wp-json\/wp\/v2\/product"}],"about":[{"href":"https:\/\/www.atvquadotwock.pl\/sklep\/wp-json\/wp\/v2\/types\/product"}],"wp:featuredmedia":[{"embeddable":true,"href":"https:\/\/www.atvquadotwock.pl\/sklep\/wp-json\/wp\/v2\/media\/4700"}],"wp:attachment":[{"href":"https:\/\/www.atvquadotwock.pl\/sklep\/wp-json\/wp\/v2\/media?parent=4699"}],"wp:term":[{"taxonomy":"product_cat","embeddable":true,"href":"https:\/\/www.atvquadotwock.pl\/sklep\/wp-json\/wp\/v2\/product_cat?post=4699"},{"taxonomy":"product_tag","embeddable":true,"href":"https:\/\/www.atvquadotwock.pl\/sklep\/wp-json\/wp\/v2\/product_tag?post=4699"},{"taxonomy":"woo-feed-brand","embeddable":true,"href":"https:\/\/www.atvquadotwock.pl\/sklep\/wp-json\/wp\/v2\/woo-feed-brand?post=4699"}],"curies":[{"name":"wp","href":"https:\/\/api.w.org\/{rel}","templated":true}]}}