{"id":4531,"date":"2022-12-27T11:52:53","date_gmt":"2022-12-27T11:52:53","guid":{"rendered":"https:\/\/www.atvquadotwock.pl\/sklep\/?post_type=product&#038;p=4531"},"modified":"2023-03-17T10:26:58","modified_gmt":"2023-03-17T10:26:58","slug":"gasnica-z-mocowaniem-5kg","status":"publish","type":"product","link":"https:\/\/www.atvquadotwock.pl\/sklep\/produkt\/gasnica-z-mocowaniem-5kg\/","title":{"rendered":"ga\u015bnica z mocowaniem 1kg"},"content":{"rendered":"<p>Ga\u015bnica posiada 5 letni\u0105 gwarancj\u0119.<\/p>\n<h1>NAJWA\u017bNIEJSZE INFORMACJE<\/h1>\n<ul>\n<li>\u0141atwa\u00a0\u00a0i\u00a0\u00a0ergonomiczna\u00a0\u00a0w obs\u0142udze.<\/li>\n<li>Szybka\u00a0\u00a0i\u00a0\u00a0skuteczna\u00a0\u00a0w gaszeniu.<\/li>\n<li>Ekonomiczna\u00a0\u00a0w utrzymaniu i obs\u0142udze serwisowej.<\/li>\n<li>Konstrukcja zaworu umo\u017cliwia\u00a0\u00a0czasowe przerwanie gaszenia\u00a0.<\/li>\n<li>Zbiornik ga\u015bnicy\u00a0\u00a0nie podlega kontrolnym badaniom UDT\u00a0.<\/li>\n<li>Mo\u017cliwo\u015b\u0107 wielokrotnego nape\u0142niania\u00a0.<\/li>\n<li>Zbiornik ga\u015bnicy pokryty farb\u0105 poliestrow\u0105\u00a0\u00a0odporn\u0105 na promienie UV\u00a0.<\/li>\n<\/ul>\n<p>&nbsp;<\/p>\n<p>&nbsp;<\/p>\n<h1>Ga\u015bnica proszkowa GP-1 BC z wieszakiem<\/h1>\n<p>Oznaczenia literowe \u015brodk\u00f3w ga\u015bniczych stosowane w Europie:<\/p>\n<p>B \u2013 do gaszenia po\u017car\u00f3w cieczy i cia\u0142 sta\u0142ych, kt\u00f3re pal\u0105c si\u0119 ulegaj\u0105 stopieniu np. benzyny, polietylenu, smo\u0142y,<\/p>\n<p>C \u2013 do gaszenia po\u017car\u00f3w gaz\u00f3w palnych np. metanu, acetylenu, propanu.<\/p>\n<h1>DANE TECHNICZNE<\/h1>\n<ul>\n<li>Skuteczno\u015b\u0107 gaszenia:\u00a0\u00a021B C<\/li>\n<li>Masa \u015brodka ga\u015bniczego:\u00a0\u00a01 kg<\/li>\n<li>Czynnik roboczy:\u00a0\u00a012g CO2<\/li>\n<li>Czas dzia\u0142ania:\u00a0\u00a0min. 6 s<\/li>\n<li>Ci\u015bnienie pr\u00f3bne:\u00a0\u00a025 bar<\/li>\n<li>Zakres temperatur stosowania:\u00a0\u00a0-20 \u00b0C \/ +60 \u00b0C<\/li>\n<li>Masa ca\u0142kowita:\u00a0\u00a0~1,6 kg<\/li>\n<li>Maks. napi\u0119cie gaszonego urz\u0105dz.:\u00a0\u00a01000 V<\/li>\n<li>Ca\u0142kowita wysoko\u015b\u0107:\u00a0\u00a0254 mm<\/li>\n<li>\u015arednica zbiornika:\u00a0\u00a086 mm<\/li>\n<\/ul>\n","protected":false},"excerpt":{"rendered":"<p>Ga\u015bnica posiada 5 letni\u0105 gwarancj\u0119. NAJWA\u017bNIEJSZE INFORMACJE \u0141atwa\u00a0\u00a0i\u00a0\u00a0ergonomiczna\u00a0\u00a0w obs\u0142udze. Szybka\u00a0\u00a0i\u00a0\u00a0skuteczna\u00a0\u00a0w gaszeniu. Ekonomiczna\u00a0\u00a0w utrzymaniu i obs\u0142udze serwisowej. Konstrukcja zaworu umo\u017cliwia\u00a0\u00a0czasowe przerwanie&hellip;<\/p>\n","protected":false},"featured_media":4532,"template":"","meta":{"spay_email":""},"product_cat":[112,100,94,90,91,92,93,106,95,96,97,98,109,107,111,113,108,110,44],"product_tag":[],"woo-feed-brand":[],"acf":[],"_links":{"self":[{"href":"https:\/\/www.atvquadotwock.pl\/sklep\/wp-json\/wp\/v2\/product\/4531"}],"collection":[{"href":"https:\/\/www.atvquadotwock.pl\/sklep\/wp-json\/wp\/v2\/product"}],"about":[{"href":"https:\/\/www.atvquadotwock.pl\/sklep\/wp-json\/wp\/v2\/types\/product"}],"wp:featuredmedia":[{"embeddable":true,"href":"https:\/\/www.atvquadotwock.pl\/sklep\/wp-json\/wp\/v2\/media\/4532"}],"wp:attachment":[{"href":"https:\/\/www.atvquadotwock.pl\/sklep\/wp-json\/wp\/v2\/media?parent=4531"}],"wp:term":[{"taxonomy":"product_cat","embeddable":true,"href":"https:\/\/www.atvquadotwock.pl\/sklep\/wp-json\/wp\/v2\/product_cat?post=4531"},{"taxonomy":"product_tag","embeddable":true,"href":"https:\/\/www.atvquadotwock.pl\/sklep\/wp-json\/wp\/v2\/product_tag?post=4531"},{"taxonomy":"woo-feed-brand","embeddable":true,"href":"https:\/\/www.atvquadotwock.pl\/sklep\/wp-json\/wp\/v2\/woo-feed-brand?post=4531"}],"curies":[{"name":"wp","href":"https:\/\/api.w.org\/{rel}","templated":true}]}}