{"id":424,"date":"2020-05-14T22:58:20","date_gmt":"2020-05-14T22:58:20","guid":{"rendered":"https:\/\/www.atvquadotwock.pl\/sklep\/?post_type=product&#038;p=424"},"modified":"2024-08-20T11:27:36","modified_gmt":"2024-08-20T11:27:36","slug":"filtr-oleju-cfmoto-x5-500-x6-600","status":"publish","type":"product","link":"https:\/\/www.atvquadotwock.pl\/sklep\/produkt\/filtr-oleju-cfmoto-x5-500-x6-600\/","title":{"rendered":"FILTR OLEJU HF682 CFMOTO X5 500 X6 600 mt700 mt650 mt450 nk650"},"content":{"rendered":"<p>filtr oleju hilfo hf682 do QUAD\u00d3W CFMOTO X5 500 X6 600 625 X7 r\u00f3wnie\u017c do motocykli CFMOTO MT450, NK650, MT650, MT700<\/p>\n","protected":false},"excerpt":{"rendered":"<p>filtr oleju hilfo hf682 do QUAD\u00d3W CFMOTO X5 500 X6 600 625 X7 r\u00f3wnie\u017c do motocykli CFMOTO MT450, NK650, MT650,&hellip;<\/p>\n","protected":false},"featured_media":7812,"template":"","meta":{"spay_email":""},"product_cat":[117,80,22],"product_tag":[],"woo-feed-brand":[],"acf":[],"_links":{"self":[{"href":"https:\/\/www.atvquadotwock.pl\/sklep\/wp-json\/wp\/v2\/product\/424"}],"collection":[{"href":"https:\/\/www.atvquadotwock.pl\/sklep\/wp-json\/wp\/v2\/product"}],"about":[{"href":"https:\/\/www.atvquadotwock.pl\/sklep\/wp-json\/wp\/v2\/types\/product"}],"wp:featuredmedia":[{"embeddable":true,"href":"https:\/\/www.atvquadotwock.pl\/sklep\/wp-json\/wp\/v2\/media\/7812"}],"wp:attachment":[{"href":"https:\/\/www.atvquadotwock.pl\/sklep\/wp-json\/wp\/v2\/media?parent=424"}],"wp:term":[{"taxonomy":"product_cat","embeddable":true,"href":"https:\/\/www.atvquadotwock.pl\/sklep\/wp-json\/wp\/v2\/product_cat?post=424"},{"taxonomy":"product_tag","embeddable":true,"href":"https:\/\/www.atvquadotwock.pl\/sklep\/wp-json\/wp\/v2\/product_tag?post=424"},{"taxonomy":"woo-feed-brand","embeddable":true,"href":"https:\/\/www.atvquadotwock.pl\/sklep\/wp-json\/wp\/v2\/woo-feed-brand?post=424"}],"curies":[{"name":"wp","href":"https:\/\/api.w.org\/{rel}","templated":true}]}}