{"id":4195,"date":"2022-09-29T11:44:45","date_gmt":"2022-09-29T11:44:45","guid":{"rendered":"https:\/\/www.atvquadotwock.pl\/sklep\/?post_type=product&#038;p=4195"},"modified":"2024-08-30T13:14:50","modified_gmt":"2024-08-30T13:14:50","slug":"szybko-zlacze-do-quadow-cfmoto-x8-x10-kpl-4-szt","status":"publish","type":"product","link":"https:\/\/www.atvquadotwock.pl\/sklep\/produkt\/szybko-zlacze-do-quadow-cfmoto-x8-x10-kpl-4-szt\/","title":{"rendered":"Szybko z\u0142\u0105cze do quad\u00f3w Cfmoto X8 X10 kpl 4 szt"},"content":{"rendered":"<p>Szybko z\u0142\u0105cze do quad\u00f3w Cfmoto zestaw 4 szt.<\/p>\n","protected":false},"excerpt":{"rendered":"<p>Szybko z\u0142\u0105cze do quad\u00f3w Cfmoto zestaw 4 szt.<\/p>\n","protected":false},"featured_media":4199,"template":"","meta":{"spay_email":""},"product_cat":[44],"product_tag":[],"woo-feed-brand":[],"acf":[],"_links":{"self":[{"href":"https:\/\/www.atvquadotwock.pl\/sklep\/wp-json\/wp\/v2\/product\/4195"}],"collection":[{"href":"https:\/\/www.atvquadotwock.pl\/sklep\/wp-json\/wp\/v2\/product"}],"about":[{"href":"https:\/\/www.atvquadotwock.pl\/sklep\/wp-json\/wp\/v2\/types\/product"}],"wp:featuredmedia":[{"embeddable":true,"href":"https:\/\/www.atvquadotwock.pl\/sklep\/wp-json\/wp\/v2\/media\/4199"}],"wp:attachment":[{"href":"https:\/\/www.atvquadotwock.pl\/sklep\/wp-json\/wp\/v2\/media?parent=4195"}],"wp:term":[{"taxonomy":"product_cat","embeddable":true,"href":"https:\/\/www.atvquadotwock.pl\/sklep\/wp-json\/wp\/v2\/product_cat?post=4195"},{"taxonomy":"product_tag","embeddable":true,"href":"https:\/\/www.atvquadotwock.pl\/sklep\/wp-json\/wp\/v2\/product_tag?post=4195"},{"taxonomy":"woo-feed-brand","embeddable":true,"href":"https:\/\/www.atvquadotwock.pl\/sklep\/wp-json\/wp\/v2\/woo-feed-brand?post=4195"}],"curies":[{"name":"wp","href":"https:\/\/api.w.org\/{rel}","templated":true}]}}