{"id":3984,"date":"2022-07-29T13:25:25","date_gmt":"2022-07-29T13:25:25","guid":{"rendered":"https:\/\/www.atvquadotwock.pl\/sklep\/?post_type=product&#038;p=3984"},"modified":"2024-01-02T12:03:30","modified_gmt":"2024-01-02T12:03:30","slug":"pasek-mitsuboshi-cfmoto-450-520-500-550-600-625-x5-x6","status":"publish","type":"product","link":"https:\/\/www.atvquadotwock.pl\/sklep\/produkt\/pasek-mitsuboshi-cfmoto-450-520-500-550-600-625-x5-x6\/","title":{"rendered":"PASEK nap\u0119dowy MITSUBOSHI CFMOTO 450 520 500 550 600 625 X5 X6"},"content":{"rendered":"<p>PASEK MITSUBOSHI montowany na pierwszy monta\u017c w fabryce CFMOTO 450 520 500 550 600 625 X5 X6. Najlepszy na rynku! wzmacniany fabrycznie.<\/p>\n<p>Rozmiar paska : 37&#215;939<\/p>\n<p>Dost\u0119pne s\u0105 r\u00f3wnie\u017c na innej aukcji do innych modeli CFMOTO.<\/p>\n<p>&nbsp;<\/p>\n<p>&nbsp;<\/p>\n<p>&nbsp;<\/p>\n","protected":false},"excerpt":{"rendered":"<p>PASEK MITSUBOSHI montowany na pierwszy monta\u017c w fabryce CFMOTO 450 520 500 550 600 625 X5 X6. Najlepszy na rynku!&hellip;<\/p>\n","protected":false},"featured_media":3985,"template":"","meta":{"spay_email":""},"product_cat":[112,100,94,90,91,92,93,106,111],"product_tag":[],"woo-feed-brand":[],"acf":[],"_links":{"self":[{"href":"https:\/\/www.atvquadotwock.pl\/sklep\/wp-json\/wp\/v2\/product\/3984"}],"collection":[{"href":"https:\/\/www.atvquadotwock.pl\/sklep\/wp-json\/wp\/v2\/product"}],"about":[{"href":"https:\/\/www.atvquadotwock.pl\/sklep\/wp-json\/wp\/v2\/types\/product"}],"wp:featuredmedia":[{"embeddable":true,"href":"https:\/\/www.atvquadotwock.pl\/sklep\/wp-json\/wp\/v2\/media\/3985"}],"wp:attachment":[{"href":"https:\/\/www.atvquadotwock.pl\/sklep\/wp-json\/wp\/v2\/media?parent=3984"}],"wp:term":[{"taxonomy":"product_cat","embeddable":true,"href":"https:\/\/www.atvquadotwock.pl\/sklep\/wp-json\/wp\/v2\/product_cat?post=3984"},{"taxonomy":"product_tag","embeddable":true,"href":"https:\/\/www.atvquadotwock.pl\/sklep\/wp-json\/wp\/v2\/product_tag?post=3984"},{"taxonomy":"woo-feed-brand","embeddable":true,"href":"https:\/\/www.atvquadotwock.pl\/sklep\/wp-json\/wp\/v2\/woo-feed-brand?post=3984"}],"curies":[{"name":"wp","href":"https:\/\/api.w.org\/{rel}","templated":true}]}}