{"id":3550,"date":"2022-04-08T09:33:01","date_gmt":"2022-04-08T09:33:01","guid":{"rendered":"https:\/\/www.atvquadotwock.pl\/sklep\/?post_type=product&#038;p=3550"},"modified":"2023-02-01T17:26:30","modified_gmt":"2023-02-01T17:26:30","slug":"0130-011300-0001-czujnik-predrosciomierza","status":"publish","type":"product","link":"https:\/\/www.atvquadotwock.pl\/sklep\/produkt\/0130-011300-0001-czujnik-predrosciomierza\/","title":{"rendered":"0130-011300-0001 CZUJNIK PR\u0118DKO\u015aCI CFMOTO 500 X5 625 X6 X7 GOES 520 625"},"content":{"rendered":"<p>Czujnik pr\u0119dko\u015bci do CFMOTO 500 X5 625 X6 X7 ORAZ DO GOES 520 625<\/p>\n<p>&nbsp;<\/p>\n<p>&nbsp;<\/p>\n<p>UWAGA, CZ\u0118\u015aCI ELEKTRYCZNE NIE PODLEGAJ\u0104 ZWROTOWI.<\/p>\n","protected":false},"excerpt":{"rendered":"<p>Czujnik pr\u0119dko\u015bci do CFMOTO 500 X5 625 X6 X7 ORAZ DO GOES 520 625 &nbsp; &nbsp; UWAGA, CZ\u0118\u015aCI ELEKTRYCZNE NIE&hellip;<\/p>\n","protected":false},"featured_media":3551,"template":"","meta":{"spay_email":""},"product_cat":[112,100,94],"product_tag":[],"woo-feed-brand":[],"acf":[],"_links":{"self":[{"href":"https:\/\/www.atvquadotwock.pl\/sklep\/wp-json\/wp\/v2\/product\/3550"}],"collection":[{"href":"https:\/\/www.atvquadotwock.pl\/sklep\/wp-json\/wp\/v2\/product"}],"about":[{"href":"https:\/\/www.atvquadotwock.pl\/sklep\/wp-json\/wp\/v2\/types\/product"}],"wp:featuredmedia":[{"embeddable":true,"href":"https:\/\/www.atvquadotwock.pl\/sklep\/wp-json\/wp\/v2\/media\/3551"}],"wp:attachment":[{"href":"https:\/\/www.atvquadotwock.pl\/sklep\/wp-json\/wp\/v2\/media?parent=3550"}],"wp:term":[{"taxonomy":"product_cat","embeddable":true,"href":"https:\/\/www.atvquadotwock.pl\/sklep\/wp-json\/wp\/v2\/product_cat?post=3550"},{"taxonomy":"product_tag","embeddable":true,"href":"https:\/\/www.atvquadotwock.pl\/sklep\/wp-json\/wp\/v2\/product_tag?post=3550"},{"taxonomy":"woo-feed-brand","embeddable":true,"href":"https:\/\/www.atvquadotwock.pl\/sklep\/wp-json\/wp\/v2\/woo-feed-brand?post=3550"}],"curies":[{"name":"wp","href":"https:\/\/api.w.org\/{rel}","templated":true}]}}