{"id":3436,"date":"2022-03-29T17:23:14","date_gmt":"2022-03-29T17:23:14","guid":{"rendered":"https:\/\/www.atvquadotwock.pl\/sklep\/?post_type=product&#038;p=3436"},"modified":"2024-06-01T11:08:25","modified_gmt":"2024-06-01T11:08:25","slug":"zestaw-bumper-przod-i-tyl-do-cfmoto-850-1000","status":"publish","type":"product","link":"https:\/\/www.atvquadotwock.pl\/sklep\/produkt\/zestaw-bumper-przod-i-tyl-do-cfmoto-850-1000\/","title":{"rendered":"ZESTAW BUMPER zderzaki PRZ\u00d3D i TY\u0141 DO CFMOTO 850 1000 gen2"},"content":{"rendered":"<p>zestaw Sk\u0142ada si\u0119 z przedniego oraz tylnego.<br \/>\nw zestawie instrukcja monta\u017cu oraz \u015brubki.<\/p>\n<p>&nbsp;<\/p>\n<p>W ZESTAWIE TANIEJ!<\/p>\n","protected":false},"excerpt":{"rendered":"<blockquote><p>&nbsp;<\/p><\/blockquote>\n","protected":false},"featured_media":3434,"template":"","meta":{"spay_email":""},"product_cat":[97,98,41],"product_tag":[],"woo-feed-brand":[],"acf":[],"_links":{"self":[{"href":"https:\/\/www.atvquadotwock.pl\/sklep\/wp-json\/wp\/v2\/product\/3436"}],"collection":[{"href":"https:\/\/www.atvquadotwock.pl\/sklep\/wp-json\/wp\/v2\/product"}],"about":[{"href":"https:\/\/www.atvquadotwock.pl\/sklep\/wp-json\/wp\/v2\/types\/product"}],"wp:featuredmedia":[{"embeddable":true,"href":"https:\/\/www.atvquadotwock.pl\/sklep\/wp-json\/wp\/v2\/media\/3434"}],"wp:attachment":[{"href":"https:\/\/www.atvquadotwock.pl\/sklep\/wp-json\/wp\/v2\/media?parent=3436"}],"wp:term":[{"taxonomy":"product_cat","embeddable":true,"href":"https:\/\/www.atvquadotwock.pl\/sklep\/wp-json\/wp\/v2\/product_cat?post=3436"},{"taxonomy":"product_tag","embeddable":true,"href":"https:\/\/www.atvquadotwock.pl\/sklep\/wp-json\/wp\/v2\/product_tag?post=3436"},{"taxonomy":"woo-feed-brand","embeddable":true,"href":"https:\/\/www.atvquadotwock.pl\/sklep\/wp-json\/wp\/v2\/woo-feed-brand?post=3436"}],"curies":[{"name":"wp","href":"https:\/\/api.w.org\/{rel}","templated":true}]}}