{"id":3397,"date":"2022-03-21T08:50:55","date_gmt":"2022-03-21T08:50:55","guid":{"rendered":"https:\/\/www.atvquadotwock.pl\/sklep\/?post_type=product&#038;p=3397"},"modified":"2022-03-21T08:51:19","modified_gmt":"2022-03-21T08:51:19","slug":"klocki-tyl-cfmoto-450-500-x5-520-600-x6-x7-800","status":"publish","type":"product","link":"https:\/\/www.atvquadotwock.pl\/sklep\/produkt\/klocki-tyl-cfmoto-450-500-x5-520-600-x6-x7-800\/","title":{"rendered":"Klocki ty\u0142 CFMOTO 450 500 X5 520 600 X6 X7 800"},"content":{"rendered":"<p>Klocki hamulcowe sintermetalowe ( podwy\u017cszona odporno\u015b\u0107 na zu\u017cywanie )<\/p>\n","protected":false},"excerpt":{"rendered":"<p>Klocki hamulcowe sintermetalowe ( podwy\u017cszona odporno\u015b\u0107 na zu\u017cywanie )<\/p>\n","protected":false},"featured_media":3398,"template":"","meta":{"spay_email":""},"product_cat":[112,100,94,90,91,93,95,23],"product_tag":[],"woo-feed-brand":[],"acf":[],"_links":{"self":[{"href":"https:\/\/www.atvquadotwock.pl\/sklep\/wp-json\/wp\/v2\/product\/3397"}],"collection":[{"href":"https:\/\/www.atvquadotwock.pl\/sklep\/wp-json\/wp\/v2\/product"}],"about":[{"href":"https:\/\/www.atvquadotwock.pl\/sklep\/wp-json\/wp\/v2\/types\/product"}],"wp:featuredmedia":[{"embeddable":true,"href":"https:\/\/www.atvquadotwock.pl\/sklep\/wp-json\/wp\/v2\/media\/3398"}],"wp:attachment":[{"href":"https:\/\/www.atvquadotwock.pl\/sklep\/wp-json\/wp\/v2\/media?parent=3397"}],"wp:term":[{"taxonomy":"product_cat","embeddable":true,"href":"https:\/\/www.atvquadotwock.pl\/sklep\/wp-json\/wp\/v2\/product_cat?post=3397"},{"taxonomy":"product_tag","embeddable":true,"href":"https:\/\/www.atvquadotwock.pl\/sklep\/wp-json\/wp\/v2\/product_tag?post=3397"},{"taxonomy":"woo-feed-brand","embeddable":true,"href":"https:\/\/www.atvquadotwock.pl\/sklep\/wp-json\/wp\/v2\/woo-feed-brand?post=3397"}],"curies":[{"name":"wp","href":"https:\/\/api.w.org\/{rel}","templated":true}]}}