{"id":3324,"date":"2022-03-02T12:42:24","date_gmt":"2022-03-02T12:42:24","guid":{"rendered":"https:\/\/www.atvquadotwock.pl\/sklep\/?post_type=product&#038;p=3324"},"modified":"2023-01-16T11:30:03","modified_gmt":"2023-01-16T11:30:03","slug":"kufer-tyl-tylny-mini-do-cfmoto-600-usa-625","status":"publish","type":"product","link":"https:\/\/www.atvquadotwock.pl\/sklep\/produkt\/kufer-tyl-tylny-mini-do-cfmoto-600-usa-625\/","title":{"rendered":"Kufer tyl tylny mini do CFMOTO 600 (USA) 625"},"content":{"rendered":"<p>ATV box for Cforce 625 2020 SPORT (mini rear box)<br \/>\nLWH: 700\u0445325\u044522mm<br \/>\nVolume: 25 liters<\/p>\n<p>Pasuje r\u00f3wnie\u017c do CFMOTO 850 1000. R\u00f3wnie\u017c mo\u017cna zastosowa\u0107 z przodu quada. (potrzeba wywierci\u0107 dziurki do monta\u017cu)<\/p>\n","protected":false},"excerpt":{"rendered":"<p>ATV box for Cforce 625 2020 SPORT (mini rear box) LWH: 700\u0445325\u044522mm Volume: 25 liters Pasuje r\u00f3wnie\u017c do CFMOTO 850&hellip;<\/p>\n","protected":false},"featured_media":3327,"template":"","meta":{"spay_email":""},"product_cat":[24],"product_tag":[],"woo-feed-brand":[],"acf":[],"_links":{"self":[{"href":"https:\/\/www.atvquadotwock.pl\/sklep\/wp-json\/wp\/v2\/product\/3324"}],"collection":[{"href":"https:\/\/www.atvquadotwock.pl\/sklep\/wp-json\/wp\/v2\/product"}],"about":[{"href":"https:\/\/www.atvquadotwock.pl\/sklep\/wp-json\/wp\/v2\/types\/product"}],"wp:featuredmedia":[{"embeddable":true,"href":"https:\/\/www.atvquadotwock.pl\/sklep\/wp-json\/wp\/v2\/media\/3327"}],"wp:attachment":[{"href":"https:\/\/www.atvquadotwock.pl\/sklep\/wp-json\/wp\/v2\/media?parent=3324"}],"wp:term":[{"taxonomy":"product_cat","embeddable":true,"href":"https:\/\/www.atvquadotwock.pl\/sklep\/wp-json\/wp\/v2\/product_cat?post=3324"},{"taxonomy":"product_tag","embeddable":true,"href":"https:\/\/www.atvquadotwock.pl\/sklep\/wp-json\/wp\/v2\/product_tag?post=3324"},{"taxonomy":"woo-feed-brand","embeddable":true,"href":"https:\/\/www.atvquadotwock.pl\/sklep\/wp-json\/wp\/v2\/woo-feed-brand?post=3324"}],"curies":[{"name":"wp","href":"https:\/\/api.w.org\/{rel}","templated":true}]}}