{"id":2491,"date":"2021-04-21T12:35:24","date_gmt":"2021-04-21T12:35:24","guid":{"rendered":"https:\/\/www.atvquadotwock.pl\/sklep\/?post_type=product&#038;p=2491"},"modified":"2023-02-01T14:08:45","modified_gmt":"2023-02-01T14:08:45","slug":"lezak-cfmoto-dostawa-w-ciagu-1-2-tyg","status":"publish","type":"product","link":"https:\/\/www.atvquadotwock.pl\/sklep\/produkt\/lezak-cfmoto-dostawa-w-ciagu-1-2-tyg\/","title":{"rendered":"LE\u017bAK CFMOTO &#8211; DOSTAWA W CI\u0104GU 1-2 TYG."},"content":{"rendered":"<p>LOGO CFMOTO Z TY\u0141U<\/p>\n","protected":false},"excerpt":{"rendered":"<p>LOGO CFMOTO Z TY\u0141U<\/p>\n","protected":false},"featured_media":2492,"template":"","meta":{"spay_email":""},"product_cat":[48,65],"product_tag":[],"woo-feed-brand":[],"acf":[],"_links":{"self":[{"href":"https:\/\/www.atvquadotwock.pl\/sklep\/wp-json\/wp\/v2\/product\/2491"}],"collection":[{"href":"https:\/\/www.atvquadotwock.pl\/sklep\/wp-json\/wp\/v2\/product"}],"about":[{"href":"https:\/\/www.atvquadotwock.pl\/sklep\/wp-json\/wp\/v2\/types\/product"}],"wp:featuredmedia":[{"embeddable":true,"href":"https:\/\/www.atvquadotwock.pl\/sklep\/wp-json\/wp\/v2\/media\/2492"}],"wp:attachment":[{"href":"https:\/\/www.atvquadotwock.pl\/sklep\/wp-json\/wp\/v2\/media?parent=2491"}],"wp:term":[{"taxonomy":"product_cat","embeddable":true,"href":"https:\/\/www.atvquadotwock.pl\/sklep\/wp-json\/wp\/v2\/product_cat?post=2491"},{"taxonomy":"product_tag","embeddable":true,"href":"https:\/\/www.atvquadotwock.pl\/sklep\/wp-json\/wp\/v2\/product_tag?post=2491"},{"taxonomy":"woo-feed-brand","embeddable":true,"href":"https:\/\/www.atvquadotwock.pl\/sklep\/wp-json\/wp\/v2\/woo-feed-brand?post=2491"}],"curies":[{"name":"wp","href":"https:\/\/api.w.org\/{rel}","templated":true}]}}