{"id":238,"date":"2020-05-04T13:36:24","date_gmt":"2020-05-04T13:36:24","guid":{"rendered":"https:\/\/www.atvquadotwock.pl\/sklep\/?post_type=product&#038;p=238"},"modified":"2022-04-12T09:28:35","modified_gmt":"2022-04-12T09:28:35","slug":"klamka-pompa-hamulcowa-z-metalowym-zbiornikiem-cfmoto-7020-081020","status":"publish","type":"product","link":"https:\/\/www.atvquadotwock.pl\/sklep\/produkt\/klamka-pompa-hamulcowa-z-metalowym-zbiornikiem-cfmoto-7020-081020\/","title":{"rendered":"KLAMKA POMPA HAMULCOWA Z METALOWYM ZBIORNIKIEM CFMOTO"},"content":{"rendered":"<div class=\"o9v6fnle cxmmr5t8 oygrvhab hcukyx3x c1et5uql ii04i59q\">\n<div dir=\"auto\">Koniec problem\u00f3w z p\u0119kaniem zbiornika po wywrotce. Ta pompa r\u00f3wnie\u017c ma mocniejsze ucho pod lusterko fabryczne, kt\u00f3re r\u00f3wnie\u017c p\u0119ka w &#8220;plastikowych pompach&#8221;.<\/div>\n<div dir=\"auto\">Pompa hamulcowa o zwi\u0119kszonej wydajno\u015bci.<\/div>\n<div dir=\"auto\">Nie ma efektu mi\u0119kkiego hamulca.<\/div>\n<div dir=\"auto\">Prosz\u0119 nie myli\u0107 z pompk\u0105 od CFMOTO 500\/800<span class=\"pq6dq46d tbxw36s4 knj5qynh kvgmc6g5 ditlmg2l oygrvhab nvdbi5me sf5mxxl7 gl3lb2sf hhz5lgdu\"><img loading=\"lazy\" src=\"https:\/\/static.xx.fbcdn.net\/images\/emoji.php\/v9\/tfc\/1\/16\/1f44d.png\" alt=\"?\" width=\"16\" height=\"16\" \/><\/span> to zupe\u0142nie inne pompy i nie mo\u017cna ich wrzuci\u0107 do CFek po 2019 bo w\u0142a\u015bnie jest efekt mi\u0119kkiego hamulca.<\/div>\n<\/div>\n<div class=\"o9v6fnle cxmmr5t8 oygrvhab hcukyx3x c1et5uql ii04i59q\">\n<div dir=\"auto\">Instrukcja wymiany z plastikowego na metalowy:<\/div>\n<div dir=\"auto\">1. Odkr\u0119camy przew\u00f3d hamulcowy od starej pompy<\/div>\n<div dir=\"auto\">2. Zlewamy resztk\u0119 p\u0142ynu z pompy<\/div>\n<div dir=\"auto\">3. Zwieramy ze sob\u0105 2 kabelki od przewodu z czujnika poziomu w (plastikowym zbiorniczku)<\/div>\n<div dir=\"auto\">Chowamy go w kolumn\u0119 kierownicy i spinamy trytytk\u0105. Oczywi\u015bcie lutujemy i pami\u0119tajcie o izolacji <span class=\"pq6dq46d tbxw36s4 knj5qynh kvgmc6g5 ditlmg2l oygrvhab nvdbi5me sf5mxxl7 gl3lb2sf hhz5lgdu\"><img loading=\"lazy\" src=\"https:\/\/static.xx.fbcdn.net\/images\/emoji.php\/v9\/t4c\/1\/16\/1f642.png\" alt=\"?\" width=\"16\" height=\"16\" \/><\/span> Po co?<\/div>\n<div dir=\"auto\">Aby nie wy\u015bwietla\u0142 komunikatu na desce i nie denerwowa\u0142 nas w terenie wykrzynik <span class=\"pq6dq46d tbxw36s4 knj5qynh kvgmc6g5 ditlmg2l oygrvhab nvdbi5me sf5mxxl7 gl3lb2sf hhz5lgdu\"><img loading=\"lazy\" src=\"https:\/\/static.xx.fbcdn.net\/images\/emoji.php\/v9\/t50\/1\/16\/2757.png\" alt=\"\u2757\" width=\"16\" height=\"16\" \/><\/span> hamulca <span class=\"pq6dq46d tbxw36s4 knj5qynh kvgmc6g5 ditlmg2l oygrvhab nvdbi5me sf5mxxl7 gl3lb2sf hhz5lgdu\"><img loading=\"lazy\" src=\"https:\/\/static.xx.fbcdn.net\/images\/emoji.php\/v9\/t53\/1\/16\/1f605.png\" alt=\"?\" width=\"16\" height=\"16\" \/><\/span><\/div>\n<div dir=\"auto\">4. Odkr\u0119camy star\u0105 pomp\u0119<\/div>\n<div dir=\"auto\">5. Przykr\u0119camy now\u0105 pomp\u0119 i przew\u00f3d hamulcowy do niej.<\/div>\n<div dir=\"auto\">6. Odkr\u0119camy g\u00f3rny dekielek (2 \u015brubki) i wlewamy p\u0142yn hamulcowy DOT4<\/div>\n<div dir=\"auto\">7. Odpowietrzamy przednie hamulce zaczynaj\u0105c najpierw od najdalszego zacisku czyli lewego.<\/div>\n<div dir=\"auto\">Oczywi\u015bcie kontroluj\u0105c stan p\u0142ynu hamulcowego.<\/div>\n<div dir=\"auto\">8. Wkr\u0119camy lusterko<\/div>\n<\/div>\n<div dir=\"auto\">Uwaga mamy r\u00f3wnie\u017c pompy z najnowszych modeli 2021!<\/div>\n<div dir=\"auto\"><\/div>\n<div dir=\"auto\"><\/div>\n<p>(7020-081020-10000)<\/p>\n","protected":false},"excerpt":{"rendered":"<p>Koniec problem\u00f3w z p\u0119kaniem zbiornika po wywrotce. Ta pompa r\u00f3wnie\u017c ma mocniejsze ucho pod lusterko fabryczne, kt\u00f3re r\u00f3wnie\u017c p\u0119ka w&hellip;<\/p>\n","protected":false},"featured_media":239,"template":"","meta":{"spay_email":""},"product_cat":[90,91,92,93,106,95,96,97,98,23],"product_tag":[],"woo-feed-brand":[],"acf":[],"_links":{"self":[{"href":"https:\/\/www.atvquadotwock.pl\/sklep\/wp-json\/wp\/v2\/product\/238"}],"collection":[{"href":"https:\/\/www.atvquadotwock.pl\/sklep\/wp-json\/wp\/v2\/product"}],"about":[{"href":"https:\/\/www.atvquadotwock.pl\/sklep\/wp-json\/wp\/v2\/types\/product"}],"wp:featuredmedia":[{"embeddable":true,"href":"https:\/\/www.atvquadotwock.pl\/sklep\/wp-json\/wp\/v2\/media\/239"}],"wp:attachment":[{"href":"https:\/\/www.atvquadotwock.pl\/sklep\/wp-json\/wp\/v2\/media?parent=238"}],"wp:term":[{"taxonomy":"product_cat","embeddable":true,"href":"https:\/\/www.atvquadotwock.pl\/sklep\/wp-json\/wp\/v2\/product_cat?post=238"},{"taxonomy":"product_tag","embeddable":true,"href":"https:\/\/www.atvquadotwock.pl\/sklep\/wp-json\/wp\/v2\/product_tag?post=238"},{"taxonomy":"woo-feed-brand","embeddable":true,"href":"https:\/\/www.atvquadotwock.pl\/sklep\/wp-json\/wp\/v2\/woo-feed-brand?post=238"}],"curies":[{"name":"wp","href":"https:\/\/api.w.org\/{rel}","templated":true}]}}