{"id":2193,"date":"2021-02-05T15:32:06","date_gmt":"2021-02-05T15:32:06","guid":{"rendered":"https:\/\/www.atvquadotwock.pl\/sklep\/?post_type=product&#038;p=2193"},"modified":"2021-05-14T12:46:19","modified_gmt":"2021-05-14T12:46:19","slug":"0gr0-011020-speed-sensor","status":"publish","type":"product","link":"https:\/\/www.atvquadotwock.pl\/sklep\/produkt\/0gr0-011020-speed-sensor\/","title":{"rendered":"CZUJNIK PR\u0118DKO\u015aCI CFMOTO 450 520 550 600 625 CFMOTO 0gr0-011020 speed sensor"},"content":{"rendered":"<p>CZUJNIK PR\u0118DKO\u015aCI CFMOTO 450 520 550 600 625 CFMOTO<\/p>\n<p>0gr0-011020 speed sensor<\/p>\n","protected":false},"excerpt":{"rendered":"<p>CZUJNIK PR\u0118DKO\u015aCI CFMOTO 450 520 550 600 625 CFMOTO 0gr0-011020 speed sensor<\/p>\n","protected":false},"featured_media":2208,"template":"","meta":{"spay_email":""},"product_cat":[90,91,92,93,106],"product_tag":[],"woo-feed-brand":[],"acf":[],"_links":{"self":[{"href":"https:\/\/www.atvquadotwock.pl\/sklep\/wp-json\/wp\/v2\/product\/2193"}],"collection":[{"href":"https:\/\/www.atvquadotwock.pl\/sklep\/wp-json\/wp\/v2\/product"}],"about":[{"href":"https:\/\/www.atvquadotwock.pl\/sklep\/wp-json\/wp\/v2\/types\/product"}],"wp:featuredmedia":[{"embeddable":true,"href":"https:\/\/www.atvquadotwock.pl\/sklep\/wp-json\/wp\/v2\/media\/2208"}],"wp:attachment":[{"href":"https:\/\/www.atvquadotwock.pl\/sklep\/wp-json\/wp\/v2\/media?parent=2193"}],"wp:term":[{"taxonomy":"product_cat","embeddable":true,"href":"https:\/\/www.atvquadotwock.pl\/sklep\/wp-json\/wp\/v2\/product_cat?post=2193"},{"taxonomy":"product_tag","embeddable":true,"href":"https:\/\/www.atvquadotwock.pl\/sklep\/wp-json\/wp\/v2\/product_tag?post=2193"},{"taxonomy":"woo-feed-brand","embeddable":true,"href":"https:\/\/www.atvquadotwock.pl\/sklep\/wp-json\/wp\/v2\/woo-feed-brand?post=2193"}],"curies":[{"name":"wp","href":"https:\/\/api.w.org\/{rel}","templated":true}]}}