{"id":2042,"date":"2021-01-11T15:36:20","date_gmt":"2021-01-11T15:36:20","guid":{"rendered":"https:\/\/www.atvquadotwock.pl\/sklep\/?post_type=product&#038;p=2042"},"modified":"2022-09-08T08:04:12","modified_gmt":"2022-09-08T08:04:12","slug":"licznik-analogowy-cfmoto-500-9010-170110-1000","status":"publish","type":"product","link":"https:\/\/www.atvquadotwock.pl\/sklep\/produkt\/licznik-analogowy-cfmoto-500-9010-170110-1000\/","title":{"rendered":"Licznik analogowy CFMOTO 500 (9010-170110-1000)"},"content":{"rendered":"<p>Licznik analogowy do CFMOTO 500<\/p>\n<p>Nowy w folii<\/p>\n<p>&nbsp;<\/p>\n<h1 class=\"product-name\" data-spm-anchor-id=\"a2g17.12057483.0.i5.13db34480mxNIg\">9010-170110-1000<\/h1>\n<p>&nbsp;<\/p>\n<p>UWAGA S\u0104 DWA RODZAJE KOSTEK. PRZED ZAM\u00d3WIENIEM PROSZ\u0118 O TELEFON W CELU DOBRANIA.<\/p>\n<p>TEL. 791 477 830<\/p>\n","protected":false},"excerpt":{"rendered":"<p>Licznik analogowy do CFMOTO 500 Nowy w folii &nbsp; 9010-170110-1000 &nbsp; UWAGA S\u0104 DWA RODZAJE KOSTEK. PRZED ZAM\u00d3WIENIEM PROSZ\u0118 O&hellip;<\/p>\n","protected":false},"featured_media":2045,"template":"","meta":{"spay_email":""},"product_cat":[112,100],"product_tag":[],"woo-feed-brand":[],"acf":[],"_links":{"self":[{"href":"https:\/\/www.atvquadotwock.pl\/sklep\/wp-json\/wp\/v2\/product\/2042"}],"collection":[{"href":"https:\/\/www.atvquadotwock.pl\/sklep\/wp-json\/wp\/v2\/product"}],"about":[{"href":"https:\/\/www.atvquadotwock.pl\/sklep\/wp-json\/wp\/v2\/types\/product"}],"wp:featuredmedia":[{"embeddable":true,"href":"https:\/\/www.atvquadotwock.pl\/sklep\/wp-json\/wp\/v2\/media\/2045"}],"wp:attachment":[{"href":"https:\/\/www.atvquadotwock.pl\/sklep\/wp-json\/wp\/v2\/media?parent=2042"}],"wp:term":[{"taxonomy":"product_cat","embeddable":true,"href":"https:\/\/www.atvquadotwock.pl\/sklep\/wp-json\/wp\/v2\/product_cat?post=2042"},{"taxonomy":"product_tag","embeddable":true,"href":"https:\/\/www.atvquadotwock.pl\/sklep\/wp-json\/wp\/v2\/product_tag?post=2042"},{"taxonomy":"woo-feed-brand","embeddable":true,"href":"https:\/\/www.atvquadotwock.pl\/sklep\/wp-json\/wp\/v2\/woo-feed-brand?post=2042"}],"curies":[{"name":"wp","href":"https:\/\/api.w.org\/{rel}","templated":true}]}}