{"id":1935,"date":"2020-12-18T18:40:05","date_gmt":"2020-12-18T18:40:05","guid":{"rendered":"https:\/\/www.atvquadotwock.pl\/sklep\/?post_type=product&#038;p=1935"},"modified":"2024-03-04T14:28:03","modified_gmt":"2024-03-04T14:28:03","slug":"zderzak-tylny-bumper-cfmoto-450-520","status":"publish","type":"product","link":"https:\/\/www.atvquadotwock.pl\/sklep\/produkt\/zderzak-tylny-bumper-cfmoto-450-520\/","title":{"rendered":"Zderzak TYLNY bumper cfmoto 450 520 rival"},"content":{"rendered":"<p>zastosowanie: cfmoto cforce 450 520 2016+<\/p>\n<p>Zalety zderzak\u00f3w Rival<br \/>\nwykonane z rur stalowych \u00f832, 38, 42 x 1,5 mm malowanych proszkowo<br \/>\nWytrzyma\u0142a konstrukcja przykr\u0119cana, nie wymaga wiercenia !!!<br \/>\nWiele punkt\u00f3w mocowania dla zwi\u0119kszenia wytrzyma\u0142o\u015bci<br \/>\nZintegrowane miejsca monta\u017cowe do mocowania dodatkowych lamp<br \/>\nOchrona reflektor\u00f3w pojazdu<br \/>\nwytrzyma\u0142a konstrukcja dostosowane indywidualnie do ka\u017cdego modelu<br \/>\nZaprojektowany do zastosowa\u0144 w rolnictwie, le\u015bnictwie lub wy\u015bcigach<\/p>\n","protected":false},"excerpt":{"rendered":"<p>zastosowanie: cfmoto cforce 450 520 2016+ Zalety zderzak\u00f3w Rival wykonane z rur stalowych \u00f832, 38, 42 x 1,5 mm malowanych&hellip;<\/p>\n","protected":false},"featured_media":1936,"template":"","meta":{"spay_email":""},"product_cat":[90,91,41],"product_tag":[],"woo-feed-brand":[],"acf":[],"_links":{"self":[{"href":"https:\/\/www.atvquadotwock.pl\/sklep\/wp-json\/wp\/v2\/product\/1935"}],"collection":[{"href":"https:\/\/www.atvquadotwock.pl\/sklep\/wp-json\/wp\/v2\/product"}],"about":[{"href":"https:\/\/www.atvquadotwock.pl\/sklep\/wp-json\/wp\/v2\/types\/product"}],"wp:featuredmedia":[{"embeddable":true,"href":"https:\/\/www.atvquadotwock.pl\/sklep\/wp-json\/wp\/v2\/media\/1936"}],"wp:attachment":[{"href":"https:\/\/www.atvquadotwock.pl\/sklep\/wp-json\/wp\/v2\/media?parent=1935"}],"wp:term":[{"taxonomy":"product_cat","embeddable":true,"href":"https:\/\/www.atvquadotwock.pl\/sklep\/wp-json\/wp\/v2\/product_cat?post=1935"},{"taxonomy":"product_tag","embeddable":true,"href":"https:\/\/www.atvquadotwock.pl\/sklep\/wp-json\/wp\/v2\/product_tag?post=1935"},{"taxonomy":"woo-feed-brand","embeddable":true,"href":"https:\/\/www.atvquadotwock.pl\/sklep\/wp-json\/wp\/v2\/woo-feed-brand?post=1935"}],"curies":[{"name":"wp","href":"https:\/\/api.w.org\/{rel}","templated":true}]}}