{"id":1925,"date":"2020-12-18T18:33:07","date_gmt":"2020-12-18T18:33:07","guid":{"rendered":"https:\/\/www.atvquadotwock.pl\/sklep\/?post_type=product&#038;p=1925"},"modified":"2024-03-04T14:30:24","modified_gmt":"2024-03-04T14:30:24","slug":"zderzak-przedni-bumper-cfmoto-625-2020","status":"publish","type":"product","link":"https:\/\/www.atvquadotwock.pl\/sklep\/produkt\/zderzak-przedni-bumper-cfmoto-625-2020\/","title":{"rendered":"Zderzak przedni bumper CFMOTO 625 (2019+"},"content":{"rendered":"<p>Zalety zderzak\u00f3w Rival<br \/>\nwykonane z rur stalowych \u00f832, 38, 42 x 1,5 mm malowanych proszkowo<br \/>\nWytrzyma\u0142a konstrukcja przykr\u0119cana, nie wymaga wiercenia !!!<br \/>\nWiele punkt\u00f3w mocowania dla zwi\u0119kszenia wytrzyma\u0142o\u015bci<br \/>\nZintegrowane miejsca monta\u017cowe do mocowania dodatkowych lamp<br \/>\nOchrona reflektor\u00f3w pojazdu<br \/>\nwytrzyma\u0142a konstrukcja dostosowane indywidualnie do ka\u017cdego modelu<br \/>\nZaprojektowany do zastosowa\u0144 w rolnictwie, le\u015bnictwie lub wy\u015bcigach<\/p>\n","protected":false},"excerpt":{"rendered":"<p>Zalety zderzak\u00f3w Rival wykonane z rur stalowych \u00f832, 38, 42 x 1,5 mm malowanych proszkowo Wytrzyma\u0142a konstrukcja przykr\u0119cana, nie wymaga&hellip;<\/p>\n","protected":false},"featured_media":1927,"template":"","meta":{"spay_email":""},"product_cat":[106,41],"product_tag":[],"woo-feed-brand":[],"acf":[],"_links":{"self":[{"href":"https:\/\/www.atvquadotwock.pl\/sklep\/wp-json\/wp\/v2\/product\/1925"}],"collection":[{"href":"https:\/\/www.atvquadotwock.pl\/sklep\/wp-json\/wp\/v2\/product"}],"about":[{"href":"https:\/\/www.atvquadotwock.pl\/sklep\/wp-json\/wp\/v2\/types\/product"}],"wp:featuredmedia":[{"embeddable":true,"href":"https:\/\/www.atvquadotwock.pl\/sklep\/wp-json\/wp\/v2\/media\/1927"}],"wp:attachment":[{"href":"https:\/\/www.atvquadotwock.pl\/sklep\/wp-json\/wp\/v2\/media?parent=1925"}],"wp:term":[{"taxonomy":"product_cat","embeddable":true,"href":"https:\/\/www.atvquadotwock.pl\/sklep\/wp-json\/wp\/v2\/product_cat?post=1925"},{"taxonomy":"product_tag","embeddable":true,"href":"https:\/\/www.atvquadotwock.pl\/sklep\/wp-json\/wp\/v2\/product_tag?post=1925"},{"taxonomy":"woo-feed-brand","embeddable":true,"href":"https:\/\/www.atvquadotwock.pl\/sklep\/wp-json\/wp\/v2\/woo-feed-brand?post=1925"}],"curies":[{"name":"wp","href":"https:\/\/api.w.org\/{rel}","templated":true}]}}