{"id":1784,"date":"2020-12-07T15:38:42","date_gmt":"2020-12-07T15:38:42","guid":{"rendered":"https:\/\/www.atvquadotwock.pl\/sklep\/?post_type=product&#038;p=1784"},"modified":"2020-12-07T15:53:09","modified_gmt":"2020-12-07T15:53:09","slug":"9010-100001-a000","status":"publish","type":"product","link":"https:\/\/www.atvquadotwock.pl\/sklep\/produkt\/9010-100001-a000\/","title":{"rendered":"Mocowanie DR\u0104\u017bK\u00d3W kolumny kierownicy CFMOTO 500 625 CF MOTO 9010-100001-A000"},"content":{"rendered":"<p>PITMAN ARM<\/p>\n<p>KOD OEM: 9010-100001-A000<\/p>\n","protected":false},"excerpt":{"rendered":"<p>PITMAN ARM KOD OEM: 9010-100001-A000<\/p>\n","protected":false},"featured_media":1785,"template":"","meta":{"spay_email":""},"product_cat":[112,100,94],"product_tag":[],"woo-feed-brand":[],"acf":[],"_links":{"self":[{"href":"https:\/\/www.atvquadotwock.pl\/sklep\/wp-json\/wp\/v2\/product\/1784"}],"collection":[{"href":"https:\/\/www.atvquadotwock.pl\/sklep\/wp-json\/wp\/v2\/product"}],"about":[{"href":"https:\/\/www.atvquadotwock.pl\/sklep\/wp-json\/wp\/v2\/types\/product"}],"wp:featuredmedia":[{"embeddable":true,"href":"https:\/\/www.atvquadotwock.pl\/sklep\/wp-json\/wp\/v2\/media\/1785"}],"wp:attachment":[{"href":"https:\/\/www.atvquadotwock.pl\/sklep\/wp-json\/wp\/v2\/media?parent=1784"}],"wp:term":[{"taxonomy":"product_cat","embeddable":true,"href":"https:\/\/www.atvquadotwock.pl\/sklep\/wp-json\/wp\/v2\/product_cat?post=1784"},{"taxonomy":"product_tag","embeddable":true,"href":"https:\/\/www.atvquadotwock.pl\/sklep\/wp-json\/wp\/v2\/product_tag?post=1784"},{"taxonomy":"woo-feed-brand","embeddable":true,"href":"https:\/\/www.atvquadotwock.pl\/sklep\/wp-json\/wp\/v2\/woo-feed-brand?post=1784"}],"curies":[{"name":"wp","href":"https:\/\/api.w.org\/{rel}","templated":true}]}}