{"id":1768,"date":"2020-12-03T12:40:46","date_gmt":"2020-12-03T12:40:46","guid":{"rendered":"https:\/\/www.atvquadotwock.pl\/sklep\/?post_type=product&#038;p=1768"},"modified":"2024-09-03T11:45:47","modified_gmt":"2024-09-03T11:45:47","slug":"sterownik-do-wyciagarki-przekaznik-selenoid-200a","status":"publish","type":"product","link":"https:\/\/www.atvquadotwock.pl\/sklep\/produkt\/sterownik-do-wyciagarki-przekaznik-selenoid-200a\/","title":{"rendered":"Sterownik do wyci\u0105garki przeka\u017anik selenoid 200A"},"content":{"rendered":"<p>Sterownik do wyci\u0105garek wszystkich typ\u00f3w 2000 2500 3000 3500 4000 4500LBS<\/p>\n<p>200A!<\/p>\n<p>maksymalna moc wyci\u0105garki\u00a04500 LBS<\/p>\n<p>przeka\u017anik ten by\u0142 stosowany w starych modelach niezawodnych\u00a0wyciagarek WARN RT25 RT30 XT25 XT30<\/p>\n<p>jest\u00a0obecnie najbardziej niezawodnym sterownikiem na rynku<\/p>\n","protected":false},"excerpt":{"rendered":"<p>Sterownik do wyci\u0105garek wszystkich typ\u00f3w 2000 2500 3000 3500 4000 4500LBS 200A! maksymalna moc wyci\u0105garki\u00a04500 LBS przeka\u017anik ten by\u0142 stosowany&hellip;<\/p>\n","protected":false},"featured_media":1770,"template":"","meta":{"spay_email":""},"product_cat":[39],"product_tag":[],"woo-feed-brand":[],"acf":[],"_links":{"self":[{"href":"https:\/\/www.atvquadotwock.pl\/sklep\/wp-json\/wp\/v2\/product\/1768"}],"collection":[{"href":"https:\/\/www.atvquadotwock.pl\/sklep\/wp-json\/wp\/v2\/product"}],"about":[{"href":"https:\/\/www.atvquadotwock.pl\/sklep\/wp-json\/wp\/v2\/types\/product"}],"wp:featuredmedia":[{"embeddable":true,"href":"https:\/\/www.atvquadotwock.pl\/sklep\/wp-json\/wp\/v2\/media\/1770"}],"wp:attachment":[{"href":"https:\/\/www.atvquadotwock.pl\/sklep\/wp-json\/wp\/v2\/media?parent=1768"}],"wp:term":[{"taxonomy":"product_cat","embeddable":true,"href":"https:\/\/www.atvquadotwock.pl\/sklep\/wp-json\/wp\/v2\/product_cat?post=1768"},{"taxonomy":"product_tag","embeddable":true,"href":"https:\/\/www.atvquadotwock.pl\/sklep\/wp-json\/wp\/v2\/product_tag?post=1768"},{"taxonomy":"woo-feed-brand","embeddable":true,"href":"https:\/\/www.atvquadotwock.pl\/sklep\/wp-json\/wp\/v2\/woo-feed-brand?post=1768"}],"curies":[{"name":"wp","href":"https:\/\/api.w.org\/{rel}","templated":true}]}}