{"id":1632,"date":"2020-11-17T16:02:10","date_gmt":"2020-11-17T16:02:10","guid":{"rendered":"https:\/\/www.atvquadotwock.pl\/sklep\/?post_type=product&#038;p=1632"},"modified":"2022-04-08T12:18:34","modified_gmt":"2022-04-08T12:18:34","slug":"lampa-tyl-lewa-cfmoto-500-allroad-9020-160210-2","status":"publish","type":"product","link":"https:\/\/www.atvquadotwock.pl\/sklep\/produkt\/lampa-tyl-lewa-cfmoto-500-allroad-9020-160210-2\/","title":{"rendered":"Lampa ty\u0142 tylna LEWA CFMOTO 500 ALLROAD 9020-160210"},"content":{"rendered":"<p>Lampa kompletna z wi\u0105zk\u0105 oraz \u017car\u00f3wkami.<\/p>\n<p>KOD OEM: 9020-160210<\/p>\n","protected":false},"excerpt":{"rendered":"<p>Lampa kompletna z wi\u0105zk\u0105 oraz \u017car\u00f3wkami. KOD OEM: 9020-160210<\/p>\n","protected":false},"featured_media":1635,"template":"","meta":{"spay_email":""},"product_cat":[100],"product_tag":[],"woo-feed-brand":[],"acf":[],"_links":{"self":[{"href":"https:\/\/www.atvquadotwock.pl\/sklep\/wp-json\/wp\/v2\/product\/1632"}],"collection":[{"href":"https:\/\/www.atvquadotwock.pl\/sklep\/wp-json\/wp\/v2\/product"}],"about":[{"href":"https:\/\/www.atvquadotwock.pl\/sklep\/wp-json\/wp\/v2\/types\/product"}],"wp:featuredmedia":[{"embeddable":true,"href":"https:\/\/www.atvquadotwock.pl\/sklep\/wp-json\/wp\/v2\/media\/1635"}],"wp:attachment":[{"href":"https:\/\/www.atvquadotwock.pl\/sklep\/wp-json\/wp\/v2\/media?parent=1632"}],"wp:term":[{"taxonomy":"product_cat","embeddable":true,"href":"https:\/\/www.atvquadotwock.pl\/sklep\/wp-json\/wp\/v2\/product_cat?post=1632"},{"taxonomy":"product_tag","embeddable":true,"href":"https:\/\/www.atvquadotwock.pl\/sklep\/wp-json\/wp\/v2\/product_tag?post=1632"},{"taxonomy":"woo-feed-brand","embeddable":true,"href":"https:\/\/www.atvquadotwock.pl\/sklep\/wp-json\/wp\/v2\/woo-feed-brand?post=1632"}],"curies":[{"name":"wp","href":"https:\/\/api.w.org\/{rel}","templated":true}]}}