{"id":1349,"date":"2020-09-29T18:20:30","date_gmt":"2020-09-29T18:20:30","guid":{"rendered":"https:\/\/www.atvquadotwock.pl\/sklep\/?post_type=product&#038;p=1349"},"modified":"2026-01-27T09:10:13","modified_gmt":"2026-01-27T09:10:13","slug":"podgrzewane-siedzenie-do-quada-motocykla-skutera","status":"publish","type":"product","link":"https:\/\/www.atvquadotwock.pl\/sklep\/produkt\/podgrzewane-siedzenie-do-quada-motocykla-skutera\/","title":{"rendered":"Podgrzewane siedzenie do quada motocykla skutera kanapa grzana podgrzewana"},"content":{"rendered":"<p>MATA WYKONANA Z ELASTYCZNEGO TWORZYWA KT\u00d3RE DOPASOWUJE SI\u0118 DO KA\u017bDEGO RODZAJU POWIERZCHNI<\/p>\n<p>MAT\u0118 MONTUJE SI\u0118 POMI\u0118DZY POSZYCIEM SIEDZENIA A G\u0104BK\u0104 DZI\u0118KI CZEMU JEST CA\u0141KOWICIE NIEWIDOCZNA<\/p>\n<p>ISTNIEJE MO\u017bLIWO\u015a\u0106 ODPI\u0118CIA MATY W CELU ZDEMONTOWANIA SIEDZENIA DZI\u0118KI ZASTOSOWANIU DODATKOWEJ KOSTKI INSTALACYJNEJ<\/p>\n<p>PASUJE DO KA\u017bDEGO RODZAJU POJAZDU Z NAPI\u0118CIEM 12 V<\/p>\n<p>W PRZYPADKU PRZERWANIA POSZCZEG\u00d3LNYCH W\u0141\u00d3KIEN MATA DZIA\u0141A POPRAWNIE Z WY\u0141\u0104CZENIEM ELEMENTU USZKODZONEGO<\/p>\n<p>DANE TECHNICZNE :<\/p>\n<p>WYMIARY 40 cm x 20 cm<br \/>\n2 STOPNIOWY PRZE\u0141\u0104CZNIK GRZANIA Z DWU KOLOROWYM SYSTEMEM O\u015aWIETLENIA LED<br \/>\nPRZEKA\u0179NIK<br \/>\nD\u0141UGO\u015a\u0106 PRZEWODU 1.5 M<br \/>\nMOC GRZANIA 35-65 stopni C<\/p>\n<p>ZASILANIE 12 V (AKUMULATOR)<br \/>\nMOC 35 WATT<br \/>\nZESTAW ZAWIERA :<br \/>\nMATA GRZEJNA<br \/>\nINSTALACJA ELEKTRYCZNA<br \/>\nBEZPIECZNIK<br \/>\nOPASKI ZACISKOWE 5 SZT<br \/>\nDODATKOWA TA\u015aMA DWUSTRONNA<\/p>\n<p>Przed zakupem zapytaj nas o dost\u0119pno\u015b\u0107.<br \/>\nSzukasz innych cz\u0119\u015bci do CFMOTO?<br \/>\nNapisz lub zadzwo\u0144. Tw\u00f3j autoryzowany dealer CFMOTO.<\/p>\n<p>Sklep ATV-QUAD<br \/>\n05-400 Otwock ul. \u0141ugi 82<br \/>\nCzynny<br \/>\nod Poniedzia\u0142ku do Pi\u0105tku<br \/>\n10:00 \u2013 18:00<br \/>\ntel. 791 477 830<\/p>\n<p><a href=\"https:\/\/www.facebook.com\/quadyotwock\">https:\/\/www.facebook.com\/quadyotwock<\/a><br \/>\n<a href=\"https:\/\/g.page\/QUADYOTWOCK?share\">https:\/\/g.page\/QUADYOTWOCK?share<\/a><br \/>\nznajd\u017a nas na FACEBOOKU i GOOGLE zostaw recenzj\u0119 a otrzymasz 10% rabatu na zam\u00f3wienie!<\/p>\n<p><a href=\"https:\/\/www.instagram.com\/atvquadotwock\">https:\/\/www.instagram.com\/atvquadotwock<\/a> obserwuj nas na instagramie a dowiesz si\u0119 o nowo\u015bciach,<br \/>\ntuningowaniu quad\u00f3w jak i relacji z przegl\u0105d\u00f3w.<\/p>\n","protected":false},"excerpt":{"rendered":"<p>MATA WYKONANA Z ELASTYCZNEGO TWORZYWA KT\u00d3RE DOPASOWUJE SI\u0118 DO KA\u017bDEGO RODZAJU POWIERZCHNI MAT\u0118 MONTUJE SI\u0118 POMI\u0118DZY POSZYCIEM SIEDZENIA A G\u0104BK\u0104&hellip;<\/p>\n","protected":false},"featured_media":1350,"template":"","meta":{"spay_email":""},"product_cat":[75,44,20],"product_tag":[],"woo-feed-brand":[],"acf":[],"_links":{"self":[{"href":"https:\/\/www.atvquadotwock.pl\/sklep\/wp-json\/wp\/v2\/product\/1349"}],"collection":[{"href":"https:\/\/www.atvquadotwock.pl\/sklep\/wp-json\/wp\/v2\/product"}],"about":[{"href":"https:\/\/www.atvquadotwock.pl\/sklep\/wp-json\/wp\/v2\/types\/product"}],"wp:featuredmedia":[{"embeddable":true,"href":"https:\/\/www.atvquadotwock.pl\/sklep\/wp-json\/wp\/v2\/media\/1350"}],"wp:attachment":[{"href":"https:\/\/www.atvquadotwock.pl\/sklep\/wp-json\/wp\/v2\/media?parent=1349"}],"wp:term":[{"taxonomy":"product_cat","embeddable":true,"href":"https:\/\/www.atvquadotwock.pl\/sklep\/wp-json\/wp\/v2\/product_cat?post=1349"},{"taxonomy":"product_tag","embeddable":true,"href":"https:\/\/www.atvquadotwock.pl\/sklep\/wp-json\/wp\/v2\/product_tag?post=1349"},{"taxonomy":"woo-feed-brand","embeddable":true,"href":"https:\/\/www.atvquadotwock.pl\/sklep\/wp-json\/wp\/v2\/woo-feed-brand?post=1349"}],"curies":[{"name":"wp","href":"https:\/\/api.w.org\/{rel}","templated":true}]}}