{"id":129,"date":"2020-05-04T08:58:53","date_gmt":"2020-05-04T08:58:53","guid":{"rendered":"https:\/\/www.atvquadotwock.pl\/sklep\/?post_type=product&#038;p=129"},"modified":"2022-04-05T12:08:56","modified_gmt":"2022-04-05T12:08:56","slug":"opony-cf-moto-500-520","status":"publish","type":"product","link":"https:\/\/www.atvquadotwock.pl\/sklep\/produkt\/opony-cf-moto-500-520\/","title":{"rendered":"OPONY CF MOTO 450 500 520 550 600"},"content":{"rendered":"<p>25&#215;10 &#8211; 12 ty\u0142<br \/>\n25&#215;8 &#8211; 12 prz\u00f3d<\/p>\n<p>CENA DOTYCZY KOMPLETU.<\/p>\n<p>Prosz\u0119 o telefon przed zam\u00f3wieniem, poniewa\u017c cena jest orientacyjna.<\/p>\n","protected":false},"excerpt":{"rendered":"<p>25&#215;10 &#8211; 12 ty\u0142 25&#215;8 &#8211; 12 prz\u00f3d CENA DOTYCZY KOMPLETU. Prosz\u0119 o telefon przed zam\u00f3wieniem, poniewa\u017c cena jest orientacyjna.<\/p>\n","protected":false},"featured_media":130,"template":"","meta":{"spay_email":""},"product_cat":[28],"product_tag":[],"woo-feed-brand":[],"acf":[],"_links":{"self":[{"href":"https:\/\/www.atvquadotwock.pl\/sklep\/wp-json\/wp\/v2\/product\/129"}],"collection":[{"href":"https:\/\/www.atvquadotwock.pl\/sklep\/wp-json\/wp\/v2\/product"}],"about":[{"href":"https:\/\/www.atvquadotwock.pl\/sklep\/wp-json\/wp\/v2\/types\/product"}],"wp:featuredmedia":[{"embeddable":true,"href":"https:\/\/www.atvquadotwock.pl\/sklep\/wp-json\/wp\/v2\/media\/130"}],"wp:attachment":[{"href":"https:\/\/www.atvquadotwock.pl\/sklep\/wp-json\/wp\/v2\/media?parent=129"}],"wp:term":[{"taxonomy":"product_cat","embeddable":true,"href":"https:\/\/www.atvquadotwock.pl\/sklep\/wp-json\/wp\/v2\/product_cat?post=129"},{"taxonomy":"product_tag","embeddable":true,"href":"https:\/\/www.atvquadotwock.pl\/sklep\/wp-json\/wp\/v2\/product_tag?post=129"},{"taxonomy":"woo-feed-brand","embeddable":true,"href":"https:\/\/www.atvquadotwock.pl\/sklep\/wp-json\/wp\/v2\/woo-feed-brand?post=129"}],"curies":[{"name":"wp","href":"https:\/\/api.w.org\/{rel}","templated":true}]}}