{"id":1211,"date":"2020-09-01T15:21:36","date_gmt":"2020-09-01T15:21:36","guid":{"rendered":"https:\/\/www.atvquadotwock.pl\/sklep\/?post_type=product&#038;p=1211"},"modified":"2023-05-15T11:21:36","modified_gmt":"2023-05-15T11:21:36","slug":"termometr-elektroniczny-koso-slim-niebieski-z-czujnikiem","status":"publish","type":"product","link":"https:\/\/www.atvquadotwock.pl\/sklep\/produkt\/termometr-elektroniczny-koso-slim-niebieski-z-czujnikiem\/","title":{"rendered":"Termometr elektroniczny Koso slim niebieski z czujnikiem czujnik paska wody"},"content":{"rendered":"<div class=\"kvgmc6g5 cxmmr5t8 oygrvhab hcukyx3x c1et5uql ii04i59q\">\n<div dir=\"auto\">Termometr elektroniczny Koso slim niebieski z czujnikiem<\/div>\n<\/div>\n<div class=\"o9v6fnle cxmmr5t8 oygrvhab hcukyx3x c1et5uql ii04i59q\">\n<div dir=\"auto\">Mo\u017cna wpi\u0105\u0107 si\u0119 w uk\u0142ad wylotowy PASKA i kontrolowa\u0107 temperatur\u0119.<\/div>\n<div dir=\"auto\">Bardzo przydatna rzecz szczeg\u00f3lnie w CF520 <span class=\"q9uorilb tbxw36s4 knj5qynh kvgmc6g5 ditlmg2l oygrvhab nvdbi5me fgm26odu gl3lb2sf hhz5lgdu\"><img loading=\"lazy\" src=\"https:\/\/static.xx.fbcdn.net\/images\/emoji.php\/v9\/t4f\/1\/16\/1f601.png\" alt=\"?\" width=\"16\" height=\"16\" \/><\/span><\/div>\n<div dir=\"auto\">Lub wpi\u0105\u0107 si\u0119 w uk\u0142ad wodny i kontrolowa\u0107 temperatur\u0119 pojazdu.<\/div>\n<\/div>\n<div class=\"o9v6fnle cxmmr5t8 oygrvhab hcukyx3x c1et5uql ii04i59q\">\n<div dir=\"auto\">Wskazuje nam wiarygodn\u0105 temperatur\u0119 od 0 do 120 stopni Celsjusza.<\/div>\n<div dir=\"auto\">Wymiary Obudowy 57x27x11mm<\/div>\n<div dir=\"auto\">\u0141atwy i szybki monta\u017c<\/div>\n<div dir=\"auto\">Czujnik oraz przewody w zestawie<\/div>\n<div dir=\"auto\">W Komplecie: Licznik, okablowanie, czujnik, ta\u015bmy, z\u0142\u0105czki<\/div>\n<div dir=\"auto\">Kolor wy\u015bwietlanych znak\u00f3w &#8211; niebieski<\/div>\n<div dir=\"auto\">Monta\u017c po przez ta\u015bm\u0119 3M.<\/div>\n<div dir=\"auto\">Wyst\u0119puje r\u00f3wnie\u017c wersja z niebieskim pod\u015bwietleniem.<\/div>\n<\/div>\n<p>Przyk\u0142ad zdj\u0119\u0107 z monta\u017cu w kolejnych zdj\u0119ciach.<\/p>\n<p>&nbsp;<\/p>\n<p>uwaga. adapter do wody w czujniku na odzielnej aukcji.<\/p>\n<p>Przed zakupem zapytaj nas o dost\u0119pno\u015b\u0107.<br \/>\nSzukasz innych cz\u0119\u015bci do CFMOTO?<br \/>\nNapisz lub zadzwo\u0144. Tw\u00f3j autoryzowany dealer CFMOTO.<\/p>\n<p>Sklep ATV-QUAD<br \/>\n05-400 Otwock ul. \u0141ugi 82<br \/>\nCzynny<br \/>\nod Poniedzia\u0142ku do Pi\u0105tku<br \/>\n10:00 \u2013 18:00<br \/>\ntel. 791 477 830<\/p>\n<p><a href=\"https:\/\/www.facebook.com\/quadyotwock\">https:\/\/www.facebook.com\/quadyotwock<\/a><br \/>\n<a href=\"https:\/\/g.page\/QUADYOTWOCK?share\">https:\/\/g.page\/QUADYOTWOCK?share<\/a><br \/>\nznajd\u017a nas na FACEBOOKU i GOOGLE zostaw recenzj\u0119 a otrzymasz 10% rabatu na zam\u00f3wienie!<\/p>\n<p><a href=\"https:\/\/www.instagram.com\/atvquadotwock\">https:\/\/www.instagram.com\/atvquadotwock<\/a> obserwuj nas na instagramie a dowiesz si\u0119 o nowo\u015bciach,<br \/>\ntuningowaniu quad\u00f3w jak i relacji z przegl\u0105d\u00f3w.<\/p>\n","protected":false},"excerpt":{"rendered":"<p>Termometr elektroniczny Koso slim niebieski z czujnikiem Mo\u017cna wpi\u0105\u0107 si\u0119 w uk\u0142ad wylotowy PASKA i kontrolowa\u0107 temperatur\u0119. Bardzo przydatna rzecz&hellip;<\/p>\n","protected":false},"featured_media":1212,"template":"","meta":{"spay_email":""},"product_cat":[112,100,94,90,91,92,93,106,95,96,97,98,109,107,111,113,108,110,44,32],"product_tag":[],"woo-feed-brand":[],"acf":[],"_links":{"self":[{"href":"https:\/\/www.atvquadotwock.pl\/sklep\/wp-json\/wp\/v2\/product\/1211"}],"collection":[{"href":"https:\/\/www.atvquadotwock.pl\/sklep\/wp-json\/wp\/v2\/product"}],"about":[{"href":"https:\/\/www.atvquadotwock.pl\/sklep\/wp-json\/wp\/v2\/types\/product"}],"wp:featuredmedia":[{"embeddable":true,"href":"https:\/\/www.atvquadotwock.pl\/sklep\/wp-json\/wp\/v2\/media\/1212"}],"wp:attachment":[{"href":"https:\/\/www.atvquadotwock.pl\/sklep\/wp-json\/wp\/v2\/media?parent=1211"}],"wp:term":[{"taxonomy":"product_cat","embeddable":true,"href":"https:\/\/www.atvquadotwock.pl\/sklep\/wp-json\/wp\/v2\/product_cat?post=1211"},{"taxonomy":"product_tag","embeddable":true,"href":"https:\/\/www.atvquadotwock.pl\/sklep\/wp-json\/wp\/v2\/product_tag?post=1211"},{"taxonomy":"woo-feed-brand","embeddable":true,"href":"https:\/\/www.atvquadotwock.pl\/sklep\/wp-json\/wp\/v2\/woo-feed-brand?post=1211"}],"curies":[{"name":"wp","href":"https:\/\/api.w.org\/{rel}","templated":true}]}}