{"id":11789,"date":"2026-03-24T11:14:19","date_gmt":"2026-03-24T11:14:19","guid":{"rendered":"https:\/\/www.atvquadotwock.pl\/sklep\/?post_type=product&#038;p=11789"},"modified":"2026-03-24T11:14:19","modified_gmt":"2026-03-24T11:14:19","slug":"przyczepa-motocyklowa-lorries-mt-1-black-edition-na-1-motocykl","status":"publish","type":"product","link":"https:\/\/www.atvquadotwock.pl\/sklep\/produkt\/przyczepa-motocyklowa-lorries-mt-1-black-edition-na-1-motocykl\/","title":{"rendered":"PRZYCZEPA MOTOCYKLOWA Lorries MT-1 Black Edition na 1 motocykl"},"content":{"rendered":"<h1 id=\"h-przyczepa-motocyklowa-mt-1-black-edition\" class=\"wp-block-heading\"><strong>PRZYCZEPA MOTOCYKLOWA MT-1 Black Edition<\/strong><\/h1>\n<p>Now\u0105, ekskluzywn\u0105 wersj\u0119 naszej popularnej przyczepy\u00a0<strong>MT-1<\/strong>. Ta edycja wyr\u00f3\u017cnia si\u0119\u00a0<strong>eleganckim, matowym czarnym wyko\u0144czeniem,<\/strong>\u00a0kt\u00f3re dodaje stylu i nowoczesnego wygl\u0105du ka\u017cdej podr\u00f3\u017cy.\u00a0<strong>Black Edition<\/strong>\u00a0to nie tylko wyj\u0105tkowy design, ale tak\u017ce najwy\u017csza jako\u015b\u0107 i funkcjonalno\u015b\u0107, kt\u00f3r\u0105 znasz z naszych standardowych modeli.<\/p>\n<p><strong>Przyczepa motocyklowa MT-1 Black Edition<\/strong>\u00a0to idealne rozwi\u0105zanie dla mi\u0142o\u015bnik\u00f3w motocykli, kt\u00f3rzy szukaj\u0105 solidnej i niezawodnej przyczepy. Jej minimalistyczna konstrukcja zosta\u0142a zaprojektowana z my\u015bl\u0105 o komforcie i bezpiecze\u0144stwie przewo\u017cenia motocykli.<strong>\u00a0Edycja Black<\/strong>\u00a0to r\u00f3wnie\u017c wersja premium dla os\u00f3b, kt\u00f3re ceni\u0105 sobie elegancki wygl\u0105d i nowoczesny styl.<\/p>\n<hr class=\"wp-block-separator has-text-color has-cyan-bluish-gray-color has-css-opacity has-cyan-bluish-gray-background-color has-background is-style-default\" \/>\n<div class=\"wp-block-columns\">\n<div class=\"wp-block-column\">\n<p>&nbsp;<\/p>\n<p>Dedykowana jednoosiowa przyczepa do transportu motocykli\u00a0<strong>o DMC<\/strong>\u00a0<strong>do 750 kg<\/strong>\u00a0jest idealnym \u015brodkiem transportu jedno\u015blad\u00f3w. Jej\u00a0<strong>konstrukcja<\/strong>\u00a0oparta jest na\u00a0<strong>stabilnej ramie<\/strong>, dodatkowo\u00a0<strong>wspartej poprzecznymi wzmocnieniami<\/strong>, do kt\u00f3rej\u00a0<strong>dospawany jest dyszel<\/strong>.<\/p>\n<p>Rama przyczepy zosta\u0142a\u00a0<strong>zabezpieczona przed korozj\u0105\u00a0<\/strong>w procesie cynkowania ogniowego z pasywacj\u0105, kt\u00f3ry\u00a0<strong>wzmacnia j\u0105 przed uszkodzeniami mechanicznymi<\/strong>. Dodatkowo, aby nada\u0107 jej elegancji i nowoczesnego wygl\u0105du, jest malowana proszkowo w kolorze czarnym.<\/p>\n<\/div>\n<div class=\"wp-block-column\">\n<h2 id=\"h-wygoda-i-minimalizm\" class=\"wp-block-heading\"><strong>WYGODA I MINIMALIZM<\/strong><\/h2>\n<hr class=\"wp-block-separator has-text-color has-cyan-bluish-gray-color has-css-opacity has-cyan-bluish-gray-background-color has-background is-style-default\" \/>\n<p>&nbsp;<\/p>\n<div class=\"wp-block-columns\">\n<div class=\"wp-block-column\"><\/div>\n<\/div>\n<div class=\"wp-block-columns\">\n<div class=\"wp-block-column\">\n<p><strong>Przyczepa MT-1 Black Edition<\/strong>\u00a0wyposa\u017cona jest w wygodny w u\u017cyciu mechanizm\u00a0<strong>podnoszenia i opuszczania platformy.\u00a0<\/strong>W przedniej cz\u0119\u015bci przyczepy znajduje si\u0119 mocowanie ko\u0142a, kt\u00f3re umo\u017cliwia stabilne ustawienie pojazdu, zapewniaj\u0105c maksymalne bezpiecze\u0144stwo podczas transportu.<\/p>\n<p>&nbsp;<\/p>\n<p>Projektuj\u0105c t\u0119 przyczep\u0119, kierowali\u015bmy si\u0119 tak\u017ce wygod\u0105 jej przechowywania. Dzi\u0119ki innowacyjnemu systemowi\u00a0<strong>HALF-FOLD<\/strong>, sk\u0142adaj\u0105cemu si\u0119 z dw\u00f3ch ruchomych cz\u0119\u015bci,\u00a0<strong>przyczepa mo\u017ce by\u0107 z\u0142o\u017cona na p\u00f3\u0142, co znacznie u\u0142atwia jej magazynowanie, gdy nie jest u\u017cywana<\/strong>. Z\u0142o\u017cona przyczepa zajmuje du\u017co mniej miejsca w gara\u017cu, dzi\u0119ki czemu jest idealnym rozwi\u0105zaniem nawet dla ograniczonych przestrzeni.<\/p>\n<p>Przyczepa z\u0142o\u017cona na p\u00f3\u0142 ma wymiar: 2325 x 1710 x 650 mm.<\/p>\n<p>Zastosowane w przyczepie motocyklowej rozwi\u0105zania techniczne s\u0105 chronione patentem \u015bwiatowym.<\/p>\n<h2 id=\"h-wyposazenie-przyczepy-motocyklowej\" class=\"wp-block-heading\"><strong>WYPOSA\u017bENIE PRZYCZEPY MOTOCYKLOWEJ<\/strong><\/h2>\n<hr class=\"wp-block-separator has-text-color has-cyan-bluish-gray-color has-css-opacity has-cyan-bluish-gray-background-color has-background is-style-default\" \/>\n<p>&nbsp;<\/p>\n<p>Standardowe wyposa\u017cenie przyczepy obejmuje ko\u0142o podporowe oraz nowoczesne Standardowe wyposa\u017cenie przyczepy obejmuje ko\u0142o podporowe oraz\u00a0<strong>nowoczesne o\u015bwietlenie LED<\/strong>. Pod\u0142oga wykonana jest z ryflowanej blachy aluminiowej, co zapewnia dodatkow\u0105 wytrzyma\u0142o\u015b\u0107 i nowoczesny wygl\u0105d. Liczne uchwyty do mocowania pas\u00f3w transportowych oraz klin do\u00a0<strong>blokady k\u00f3\u0142<\/strong>\u00a0pozwalaj\u0105 na bezpieczne i stabilne przewo\u017cenie motocykla.<strong>\u00a0Pod\u0142oga wykonana jest z ryflowanej blachy aluminiowej<\/strong>, co zapewnia dodatkow\u0105 wytrzyma\u0142o\u015b\u0107 i nowoczesny wygl\u0105d.\u00a0<strong>Liczne uchwyty do mocowania pas\u00f3w transportowych<\/strong>\u00a0oraz klin do blokady k\u00f3\u0142 pozwalaj\u0105 na bezpieczne i stabilne przewo\u017cenie motocykla.<\/p>\n<\/div>\n<\/div>\n<\/div>\n<\/div>\n","protected":false},"excerpt":{"rendered":"<p>PRZYCZEPA MOTOCYKLOWA MT-1 Black Edition Now\u0105, ekskluzywn\u0105 wersj\u0119 naszej popularnej przyczepy\u00a0MT-1. Ta edycja wyr\u00f3\u017cnia si\u0119\u00a0eleganckim, matowym czarnym wyko\u0144czeniem,\u00a0kt\u00f3re dodaje stylu&hellip;<\/p>\n","protected":false},"featured_media":11791,"template":"","meta":{"spay_email":""},"product_cat":[140],"product_tag":[],"woo-feed-brand":[],"acf":[],"_links":{"self":[{"href":"https:\/\/www.atvquadotwock.pl\/sklep\/wp-json\/wp\/v2\/product\/11789"}],"collection":[{"href":"https:\/\/www.atvquadotwock.pl\/sklep\/wp-json\/wp\/v2\/product"}],"about":[{"href":"https:\/\/www.atvquadotwock.pl\/sklep\/wp-json\/wp\/v2\/types\/product"}],"wp:featuredmedia":[{"embeddable":true,"href":"https:\/\/www.atvquadotwock.pl\/sklep\/wp-json\/wp\/v2\/media\/11791"}],"wp:attachment":[{"href":"https:\/\/www.atvquadotwock.pl\/sklep\/wp-json\/wp\/v2\/media?parent=11789"}],"wp:term":[{"taxonomy":"product_cat","embeddable":true,"href":"https:\/\/www.atvquadotwock.pl\/sklep\/wp-json\/wp\/v2\/product_cat?post=11789"},{"taxonomy":"product_tag","embeddable":true,"href":"https:\/\/www.atvquadotwock.pl\/sklep\/wp-json\/wp\/v2\/product_tag?post=11789"},{"taxonomy":"woo-feed-brand","embeddable":true,"href":"https:\/\/www.atvquadotwock.pl\/sklep\/wp-json\/wp\/v2\/woo-feed-brand?post=11789"}],"curies":[{"name":"wp","href":"https:\/\/api.w.org\/{rel}","templated":true}]}}