{"id":10834,"date":"2025-11-19T10:25:00","date_gmt":"2025-11-19T10:25:00","guid":{"rendered":"https:\/\/www.atvquadotwock.pl\/sklep\/?post_type=product&#038;p=10834"},"modified":"2025-11-19T10:25:00","modified_gmt":"2025-11-19T10:25:00","slug":"oslony-aluminiowe-goes-1000-terrox-ironbaltic","status":"publish","type":"product","link":"https:\/\/www.atvquadotwock.pl\/sklep\/produkt\/oslony-aluminiowe-goes-1000-terrox-ironbaltic\/","title":{"rendered":"OS\u0141ONY aluminiowe GOES 1000 TERROX IronBaltic"},"content":{"rendered":"<p data-start=\"209\" data-end=\"451\">Solidny zestaw aluminiowych os\u0142on zapewniaj\u0105cy pe\u0142n\u0105 ochron\u0119 dolnej cz\u0119\u015bci quada oraz przedniego segmentu pojazdu. Idealne rozwi\u0105zanie dla os\u00f3b je\u017cd\u017c\u0105cych w wymagaj\u0105cym terenie \u2013 b\u0142oto, kamienie czy wystaj\u0105ce korzenie przestaj\u0105 by\u0107 problemem.<\/p>\n<h3 data-start=\"453\" data-end=\"481\"><strong data-start=\"457\" data-end=\"481\">Najwa\u017cniejsze cechy:<\/strong><\/h3>\n<ul data-start=\"482\" data-end=\"1062\">\n<li data-start=\"482\" data-end=\"594\">\n<p data-start=\"484\" data-end=\"594\"><strong data-start=\"484\" data-end=\"533\">Pe\u0142na ochrona podwozia i przedniej cz\u0119\u015bci ATV<\/strong> \u2013 zwi\u0119kszona wytrzyma\u0142o\u015b\u0107 podczas jazdy w trudnym terenie.<\/p>\n<\/li>\n<li data-start=\"595\" data-end=\"685\">\n<p data-start=\"597\" data-end=\"685\"><strong data-start=\"597\" data-end=\"617\">Otwory<\/strong>\u00a0\u2013 szybkie odprowadzanie b\u0142ota i wody, u\u0142atwione mycie po je\u017adzie.<\/p>\n<\/li>\n<li data-start=\"686\" data-end=\"831\">\n<p data-start=\"688\" data-end=\"831\"><b>Otwory do serwisu<\/b>\u00a0\u2013 specjalne wyci\u0119cia umo\u017cliwiaj\u0105 wymian\u0119 oleju w silniku oraz w przednim i tylnym dyferencjale bez demonta\u017cu os\u0142on.<\/p>\n<\/li>\n<li data-start=\"832\" data-end=\"915\">\n<p data-start=\"834\" data-end=\"915\"><strong data-start=\"834\" data-end=\"867\">Kompatybilno\u015b\u0107 z IB Mid-Mount<\/strong> \u2013 przygotowane otwory monta\u017cowe dla adaptera.<\/p>\n<\/li>\n<li data-start=\"916\" data-end=\"993\">\n<p data-start=\"918\" data-end=\"993\"><strong data-start=\"918\" data-end=\"963\">Szczeg\u00f3\u0142owa instrukcja monta\u017cu w zestawie<\/strong> \u2013 instalacja bez problem\u00f3w.<\/p>\n<\/li>\n<li data-start=\"994\" data-end=\"1062\">\n<p data-start=\"996\" data-end=\"1062\"><strong data-start=\"996\" data-end=\"1061\">Dedykowane do nowego modelu GOES TERROX 1000 (roczniki 2025+)<\/strong>.<\/p>\n<\/li>\n<\/ul>\n","protected":false},"excerpt":{"rendered":"<p>Solidny zestaw aluminiowych os\u0142on zapewniaj\u0105cy pe\u0142n\u0105 ochron\u0119 dolnej cz\u0119\u015bci quada oraz przedniego segmentu pojazdu. Idealne rozwi\u0105zanie dla os\u00f3b je\u017cd\u017c\u0105cych w&hellip;<\/p>\n","protected":false},"featured_media":10836,"template":"","meta":{"spay_email":""},"product_cat":[29],"product_tag":[],"woo-feed-brand":[],"acf":[],"_links":{"self":[{"href":"https:\/\/www.atvquadotwock.pl\/sklep\/wp-json\/wp\/v2\/product\/10834"}],"collection":[{"href":"https:\/\/www.atvquadotwock.pl\/sklep\/wp-json\/wp\/v2\/product"}],"about":[{"href":"https:\/\/www.atvquadotwock.pl\/sklep\/wp-json\/wp\/v2\/types\/product"}],"wp:featuredmedia":[{"embeddable":true,"href":"https:\/\/www.atvquadotwock.pl\/sklep\/wp-json\/wp\/v2\/media\/10836"}],"wp:attachment":[{"href":"https:\/\/www.atvquadotwock.pl\/sklep\/wp-json\/wp\/v2\/media?parent=10834"}],"wp:term":[{"taxonomy":"product_cat","embeddable":true,"href":"https:\/\/www.atvquadotwock.pl\/sklep\/wp-json\/wp\/v2\/product_cat?post=10834"},{"taxonomy":"product_tag","embeddable":true,"href":"https:\/\/www.atvquadotwock.pl\/sklep\/wp-json\/wp\/v2\/product_tag?post=10834"},{"taxonomy":"woo-feed-brand","embeddable":true,"href":"https:\/\/www.atvquadotwock.pl\/sklep\/wp-json\/wp\/v2\/woo-feed-brand?post=10834"}],"curies":[{"name":"wp","href":"https:\/\/api.w.org\/{rel}","templated":true}]}}