{"id":1068,"date":"2020-07-31T12:25:49","date_gmt":"2020-07-31T12:25:49","guid":{"rendered":"https:\/\/www.atvquadotwock.pl\/sklep\/?post_type=product&#038;p=1068"},"modified":"2023-02-20T08:46:35","modified_gmt":"2023-02-20T08:46:35","slug":"odwazniki-slizgow-wariatora-cfmoto","status":"publish","type":"product","link":"https:\/\/www.atvquadotwock.pl\/sklep\/produkt\/odwazniki-slizgow-wariatora-cfmoto\/","title":{"rendered":"ODWA\u017bNIKI \u015aLIZG\u00d3W WARIATORA CFMOTO 0GR0-051004-20000"},"content":{"rendered":"<p>CENA ZA SZT<\/p>\n","protected":false},"excerpt":{"rendered":"<p>CENA ZA SZT<\/p>\n","protected":false},"featured_media":1069,"template":"","meta":{"spay_email":""},"product_cat":[90,91,92,93,106,97,98,107,108],"product_tag":[],"woo-feed-brand":[],"acf":[],"_links":{"self":[{"href":"https:\/\/www.atvquadotwock.pl\/sklep\/wp-json\/wp\/v2\/product\/1068"}],"collection":[{"href":"https:\/\/www.atvquadotwock.pl\/sklep\/wp-json\/wp\/v2\/product"}],"about":[{"href":"https:\/\/www.atvquadotwock.pl\/sklep\/wp-json\/wp\/v2\/types\/product"}],"wp:featuredmedia":[{"embeddable":true,"href":"https:\/\/www.atvquadotwock.pl\/sklep\/wp-json\/wp\/v2\/media\/1069"}],"wp:attachment":[{"href":"https:\/\/www.atvquadotwock.pl\/sklep\/wp-json\/wp\/v2\/media?parent=1068"}],"wp:term":[{"taxonomy":"product_cat","embeddable":true,"href":"https:\/\/www.atvquadotwock.pl\/sklep\/wp-json\/wp\/v2\/product_cat?post=1068"},{"taxonomy":"product_tag","embeddable":true,"href":"https:\/\/www.atvquadotwock.pl\/sklep\/wp-json\/wp\/v2\/product_tag?post=1068"},{"taxonomy":"woo-feed-brand","embeddable":true,"href":"https:\/\/www.atvquadotwock.pl\/sklep\/wp-json\/wp\/v2\/woo-feed-brand?post=1068"}],"curies":[{"name":"wp","href":"https:\/\/api.w.org\/{rel}","templated":true}]}}