{"id":1006,"date":"2020-07-17T13:59:46","date_gmt":"2020-07-17T13:59:46","guid":{"rendered":"https:\/\/www.atvquadotwock.pl\/sklep\/?post_type=product&#038;p=1006"},"modified":"2022-06-27T12:05:36","modified_gmt":"2022-06-27T12:05:36","slug":"przenoszenie-chlodnicy-relocator-cfmoto-550-600","status":"publish","type":"product","link":"https:\/\/www.atvquadotwock.pl\/sklep\/produkt\/przenoszenie-chlodnicy-relocator-cfmoto-550-600\/","title":{"rendered":"Przenoszenie ch\u0142odnicy relocator CFMOTO 450 520 550 600 CF MOTO"},"content":{"rendered":"<p>Przenoszenie ch\u0142odnicy relocator CFMOTO 520 550 600<\/p>\n<p>STORM MP 0387<\/p>\n<p>ZESTAW do przeniesienia ch\u0142odnicy do g\u00f3ry.<br \/>\nDzi\u0119ki temu ch\u0142odnica nie zalepia si\u0119 b\u0142otem i nie przegrzewa pojazdu.<\/p>\n<p>zestaw zawiera, \u015brubki, rurki, \u0142\u0105czenia, kominy i wszystko to co potrzebujesz do monta\u017cu<\/p>\n<p>Pasuje do wersji z plastikowym baga\u017anikiem oraz metalowym (trzeba przewierci\u0107 si\u0119)<\/p>\n<p>Po drobnych modyfikacjach przy przednim baga\u017cniku (przyci\u0119cie w 1 miejscu) i w\u0119\u017cy pasuje r\u00f3wnie\u017c do CFMOTO 520 (ten sam silnik i ch\u0142odnica CF550)<\/p>\n<p>Mo\u017cna w ka\u017cdej chwili dokupi\u0107 snorkle i kominy bo jest to modu\u0142owy zestaw kt\u00f3ry si\u0119 \u0142\u0105czy.<\/p>\n<p>instrukcja monta\u017cu od producenta: <a href=\"https:\/\/www.atvquadotwock.pl\/sklep\/wp-content\/uploads\/2020\/07\/0062ce563b46263040565ba185f18eff.pdf\">INSTRUKCJA MONTA\u017bU<\/a><\/p>\n<p>Szukasz innych cz\u0119\u015bci do CFMOTO?<br \/>\nNapisz lub zadzwo\u0144. Tw\u00f3j autoryzowany dealer CFMOTO.<\/p>\n<p>Sklep ATV-QUAD<br \/>\n05-400 Otwock ul. \u0141ugi 82<br \/>\nCzynny<br \/>\nod Poniedzia\u0142ku do Pi\u0105tku<br \/>\n10:00 &#8211; 18:00<\/p>\n<p>Wysy\u0142ki codziennie realizujemy.<br \/>\nfacebook.com\/quadyotwock<br \/>\nznajd\u017a nas na FB \ud83d\ude42<\/p>\n","protected":false},"excerpt":{"rendered":"<p>Przenoszenie ch\u0142odnicy relocator CFMOTO 520 550 600 STORM MP 0387 ZESTAW do przeniesienia ch\u0142odnicy do g\u00f3ry. Dzi\u0119ki temu ch\u0142odnica nie&hellip;<\/p>\n","protected":false},"featured_media":1007,"template":"","meta":{"spay_email":""},"product_cat":[90,91,92,93,36],"product_tag":[105],"woo-feed-brand":[],"acf":[],"_links":{"self":[{"href":"https:\/\/www.atvquadotwock.pl\/sklep\/wp-json\/wp\/v2\/product\/1006"}],"collection":[{"href":"https:\/\/www.atvquadotwock.pl\/sklep\/wp-json\/wp\/v2\/product"}],"about":[{"href":"https:\/\/www.atvquadotwock.pl\/sklep\/wp-json\/wp\/v2\/types\/product"}],"wp:featuredmedia":[{"embeddable":true,"href":"https:\/\/www.atvquadotwock.pl\/sklep\/wp-json\/wp\/v2\/media\/1007"}],"wp:attachment":[{"href":"https:\/\/www.atvquadotwock.pl\/sklep\/wp-json\/wp\/v2\/media?parent=1006"}],"wp:term":[{"taxonomy":"product_cat","embeddable":true,"href":"https:\/\/www.atvquadotwock.pl\/sklep\/wp-json\/wp\/v2\/product_cat?post=1006"},{"taxonomy":"product_tag","embeddable":true,"href":"https:\/\/www.atvquadotwock.pl\/sklep\/wp-json\/wp\/v2\/product_tag?post=1006"},{"taxonomy":"woo-feed-brand","embeddable":true,"href":"https:\/\/www.atvquadotwock.pl\/sklep\/wp-json\/wp\/v2\/woo-feed-brand?post=1006"}],"curies":[{"name":"wp","href":"https:\/\/api.w.org\/{rel}","templated":true}]}}