{"id":10000,"date":"2025-07-18T08:54:42","date_gmt":"2025-07-18T08:54:42","guid":{"rendered":"https:\/\/www.atvquadotwock.pl\/sklep\/?post_type=product&#038;p=10000"},"modified":"2025-07-18T13:25:10","modified_gmt":"2025-07-18T13:25:10","slug":"t-box-cfmoto-tbox-urzadzenie-telekomunikacyjne","status":"publish","type":"product","link":"https:\/\/www.atvquadotwock.pl\/sklep\/produkt\/t-box-cfmoto-tbox-urzadzenie-telekomunikacyjne\/","title":{"rendered":"T-box cfmoto tbox urz\u0105dzenie telekomunikacyjne"},"content":{"rendered":"<p>Urz\u0105dzenie do komunikacji z pojazdem CFMOTO.<\/p>\n<p>Do motocykli, quad\u00f3w i pojazd\u00f3w u\u017cytkowych.<\/p>\n<p>&nbsp;<\/p>\n<p><iframe loading=\"lazy\" title=\"[ENG SUB] T-BOX w CFMOTO? Co to jest? Do quad\u00f3w, motocykli i buggy. Tbox telematic box Cf moto RIDE\" width=\"1140\" height=\"641\" src=\"https:\/\/www.youtube.com\/embed\/HoNxRliPcyg?feature=oembed\" frameborder=\"0\" allow=\"accelerometer; autoplay; clipboard-write; encrypted-media; gyroscope; picture-in-picture; web-share\" referrerpolicy=\"strict-origin-when-cross-origin\" allowfullscreen><\/iframe><\/p>\n<p>&nbsp;<\/p>\n<p>SN1V-691100-1201-11<\/p>\n<p>6AQV-800010-6000<\/p>\n","protected":false},"excerpt":{"rendered":"<p>Urz\u0105dzenie do komunikacji z pojazdem CFMOTO. Do motocykli, quad\u00f3w i pojazd\u00f3w u\u017cytkowych. &nbsp; &nbsp; SN1V-691100-1201-11 6AQV-800010-6000<\/p>\n","protected":false},"featured_media":10004,"template":"","meta":{"spay_email":""},"product_cat":[20],"product_tag":[],"woo-feed-brand":[],"acf":[],"_links":{"self":[{"href":"https:\/\/www.atvquadotwock.pl\/sklep\/wp-json\/wp\/v2\/product\/10000"}],"collection":[{"href":"https:\/\/www.atvquadotwock.pl\/sklep\/wp-json\/wp\/v2\/product"}],"about":[{"href":"https:\/\/www.atvquadotwock.pl\/sklep\/wp-json\/wp\/v2\/types\/product"}],"wp:featuredmedia":[{"embeddable":true,"href":"https:\/\/www.atvquadotwock.pl\/sklep\/wp-json\/wp\/v2\/media\/10004"}],"wp:attachment":[{"href":"https:\/\/www.atvquadotwock.pl\/sklep\/wp-json\/wp\/v2\/media?parent=10000"}],"wp:term":[{"taxonomy":"product_cat","embeddable":true,"href":"https:\/\/www.atvquadotwock.pl\/sklep\/wp-json\/wp\/v2\/product_cat?post=10000"},{"taxonomy":"product_tag","embeddable":true,"href":"https:\/\/www.atvquadotwock.pl\/sklep\/wp-json\/wp\/v2\/product_tag?post=10000"},{"taxonomy":"woo-feed-brand","embeddable":true,"href":"https:\/\/www.atvquadotwock.pl\/sklep\/wp-json\/wp\/v2\/woo-feed-brand?post=10000"}],"curies":[{"name":"wp","href":"https:\/\/api.w.org\/{rel}","templated":true}]}}